{"id":49,"date":"2012-06-08T17:51:47","date_gmt":"2012-06-08T17:51:47","guid":{"rendered":"http:\/\/walter.jankuhn.2fix.de\/?page_id=49"},"modified":"2013-03-01T10:30:02","modified_gmt":"2013-03-01T10:30:02","slug":"das-weise-rossel-1930","status":"publish","type":"page","link":"http:\/\/walter.jankuhn.2fix.de\/?page_id=49","title":{"rendered":"Im weissen R\u00f6ssl \/30"},"content":{"rendered":"<p><a href=\"http:\/\/walter.jankuhn.2fix.de\/wp-content\/uploads\/2012\/06\/wj-Programm_Roessel_Urauffuehr.jpg\"><img loading=\"lazy\" decoding=\"async\" class=\"alignleft size-medium wp-image-54\" title=\"wj-Programm_Roessel_Urauffuehr\" src=\"http:\/\/walter.jankuhn.2fix.de\/wp-content\/uploads\/2012\/06\/wj-Programm_Roessel_Urauffuehr-231x300.jpg\" alt=\"\" width=\"231\" height=\"300\" srcset=\"http:\/\/walter.jankuhn.2fix.de\/wp-content\/uploads\/2012\/06\/wj-Programm_Roessel_Urauffuehr-231x300.jpg 231w, http:\/\/walter.jankuhn.2fix.de\/wp-content\/uploads\/2012\/06\/wj-Programm_Roessel_Urauffuehr.jpg 385w\" sizes=\"auto, (max-width: 231px) 100vw, 231px\" \/><\/a>Die Urauff\u00fchrung des &#8220;<strong>Weissen R\u00f6ssl 1930<\/strong>&#8221; in Berlin am 8. November im Gro\u00dfen Schauspielhaus &#8211; war der gr\u00f6\u00dfte Publikumserfolg den eine Operette &#8220;jemals&#8221; in Deutschland erlebt hat! Eine denkw\u00fcrdige Premiere und <strong>416<\/strong> mal ein ausverkauftes Haus &#8211; ununterbrochen 18 Monate lang! F\u00fcr das Singspiel in drei Akten von BENATZKY, hatte CHARELL selbst am Libretto mitgewirkt und auch sonst alles aufge-boten was Rang und Namen hatte: die musikalischen Einlagen und Lieder stammen von Robert Gilbert und Robert Stolz, sowie Bruno Granichstaedten. Diese Eigenm\u00e4chtigkeiten hat sich CHARELL schlichtweg erkauft, das mu\u00dften die Komponisten\/Autoren einfach ertragen k\u00f6nnen. (Story: Blumenthal + Kadelburg).<\/p>\n<div id=\"attachment_335\" style=\"width: 168px\" class=\"wp-caption alignright\"><a href=\"http:\/\/walter.jankuhn.2fix.de\/wp-content\/uploads\/2012\/06\/wj-operette_0117.jpg\"><img loading=\"lazy\" decoding=\"async\" aria-describedby=\"caption-attachment-335\" class=\"size-medium wp-image-335 \" title=\"wj-operette_0117\" src=\"http:\/\/walter.jankuhn.2fix.de\/wp-content\/uploads\/2012\/06\/wj-operette_0117-219x300.jpg\" alt=\"\" width=\"158\" height=\"216\" srcset=\"http:\/\/walter.jankuhn.2fix.de\/wp-content\/uploads\/2012\/06\/wj-operette_0117-219x300.jpg 219w, http:\/\/walter.jankuhn.2fix.de\/wp-content\/uploads\/2012\/06\/wj-operette_0117.jpg 293w\" sizes=\"auto, (max-width: 158px) 100vw, 158px\" \/><\/a><p id=\"caption-attachment-335\" class=\"wp-caption-text\">Walter Jankuhn<\/p><\/div>\n<p>Mit von der Partie &#8211; \u00a0in der Rolle des Anwalts &#8220;<em>Dr. Siedler<\/em>&#8221; war der Kammers\u00e4nger &#8220;Walter JANKUHN&#8221; &#8211; er sang die Hauptschlager&#8221;<strong><em> :&#8230;.&#8221;Die ganze Welt ist himmelblau<\/em>&#8220;<\/strong> und<strong> &#8220;<em>Mein Liebeslied muss ein Walzer sein<\/em>&#8220;<\/strong> und profitierte von Charell&#8217;s \u00c4nderungsw\u00fcnschen, da er nachtr\u00e4glich diese zwei &#8220;Robert STOLZ&#8221; Titel einf\u00fcgen lie\u00df! Die Schallplatten-Abverk\u00e4ufe bewiesen, was die Presse und die Fachwelt (&gt; Kevin Clarke \/Operetten Research Inst.) frei zitiert folgenderma\u00dfen \u00a0auf den Punkt brachten:<\/p>\n<p><a href=\"http:\/\/walter.jankuhn.2fix.de\/wp-content\/uploads\/2013\/01\/DSCF0080.jpg\"><img loading=\"lazy\" decoding=\"async\" class=\"alignleft size-medium wp-image-2982\" title=\"DSCF0080\" src=\"http:\/\/walter.jankuhn.2fix.de\/wp-content\/uploads\/2013\/01\/DSCF0080-300x225.jpg\" alt=\"\" width=\"300\" height=\"225\" srcset=\"http:\/\/walter.jankuhn.2fix.de\/wp-content\/uploads\/2013\/01\/DSCF0080-300x225.jpg 300w, http:\/\/walter.jankuhn.2fix.de\/wp-content\/uploads\/2013\/01\/DSCF0080-1024x768.jpg 1024w, http:\/\/walter.jankuhn.2fix.de\/wp-content\/uploads\/2013\/01\/DSCF0080.jpg 1280w\" sizes=\"auto, (max-width: 300px) 100vw, 300px\" \/><\/a><\/p>\n<p>&nbsp;<\/p>\n<p><strong><em>&#8220;Walter JANKUHN&#8221; (<\/em>\u00a01. Dr. Siedler) <em>\u00a0ist der einzige &#8220;S\u00e4nger&#8221; in diesem Operetten Ensemble&#8221;. Er hob sich wohltuend von den Rollenschauspielern ohne stimmlich musikalische Ausbildung ab. \u00a0Seine Kollegen der leichten Muse, pflegten mehr die Posse und den Sprechgesang und \u00fcberzeugten mit Witz, etwas Schmalz oder Frechheit bzw. Frivolit\u00e4t ( je nach Alter, Statur, Ausstrahlung und Geschlecht).<\/em><\/strong> Sie bedienten gekonnt beliebte Rollenklischees, wie es auch beim Theater und Film gefragt ist. Spektakul\u00e4rer Witz und Originalit\u00e4t war f\u00fcr die Stars dieser Auff\u00fchrung Pflicht und Herausforderung zugleich. Das bewiesen die Protagonisten im &#8220;Weissen R\u00f6ssl&#8221; in jeder Vorstellung erneut:\u00a0&#8220;Paul H\u00f6rbiger (Kaiser Franz Josef), Camilla Spira (R\u00f6sselwirtin Josepha), Max Hansen (Kellner Leopold), Willy Sch\u00e4ffers, Marianne Winkelstein, Sigfried Arno (Sigismund), Otto Wallburg, Laura Desni \u00a0u.v.m.<br \/>\n(&gt;\u00a0<strong>Titelblatt oben<\/strong>\u00a0mit\u00a0W. Jankuhn &#8211; Mittel-Balkon 2. v. links) &#8230;<strong>FOTO<\/strong> <strong>unten<\/strong>\u00a0 \u00a0 \u00a0 \u00a0: &gt;Willy Sch\u00e4ffers&gt; Sigfried Arno&gt; Max Hansen&gt; Camilla Spira.<br \/>\n<a href=\"http:\/\/walter.jankuhn.2fix.de\/wp-content\/uploads\/2012\/06\/wj-Willi_Schaeffers_01.jpg\"><img loading=\"lazy\" decoding=\"async\" class=\"size-full wp-image-248 alignnone\" title=\"wj-Willi_Schaeffers_01\" src=\"http:\/\/walter.jankuhn.2fix.de\/wp-content\/uploads\/2012\/06\/wj-Willi_Schaeffers_01.jpg\" alt=\"\" width=\"113\" height=\"184\" srcset=\"http:\/\/walter.jankuhn.2fix.de\/wp-content\/uploads\/2012\/06\/wj-Willi_Schaeffers_01.jpg 246w, http:\/\/walter.jankuhn.2fix.de\/wp-content\/uploads\/2012\/06\/wj-Willi_Schaeffers_01-184x300.jpg 184w\" sizes=\"auto, (max-width: 113px) 100vw, 113px\" \/><\/a><a href=\"http:\/\/walter.jankuhn.2fix.de\/wp-content\/uploads\/2012\/06\/wj-Siegfried_Arno.jpg\"><img loading=\"lazy\" decoding=\"async\" class=\"alignnone size-medium wp-image-267\" title=\"wj-Siegfried_Arno\" src=\"http:\/\/walter.jankuhn.2fix.de\/wp-content\/uploads\/2012\/06\/wj-Siegfried_Arno-179x300.jpg\" alt=\"\" width=\"102\" height=\"170\" srcset=\"http:\/\/walter.jankuhn.2fix.de\/wp-content\/uploads\/2012\/06\/wj-Siegfried_Arno-179x300.jpg 179w, http:\/\/walter.jankuhn.2fix.de\/wp-content\/uploads\/2012\/06\/wj-Siegfried_Arno.jpg 239w\" sizes=\"auto, (max-width: 102px) 100vw, 102px\" \/><\/a><a href=\"http:\/\/walter.jankuhn.2fix.de\/wp-content\/uploads\/2012\/06\/wj-Max_Hansen.jpg\"><img loading=\"lazy\" decoding=\"async\" class=\"alignnone size-medium wp-image-405\" title=\"wj-Max_Hansen\" src=\"http:\/\/walter.jankuhn.2fix.de\/wp-content\/uploads\/2012\/06\/wj-Max_Hansen-190x300.jpg\" alt=\"\" width=\"106\" height=\"168\" srcset=\"http:\/\/walter.jankuhn.2fix.de\/wp-content\/uploads\/2012\/06\/wj-Max_Hansen-190x300.jpg 190w, http:\/\/walter.jankuhn.2fix.de\/wp-content\/uploads\/2012\/06\/wj-Max_Hansen.jpg 254w\" sizes=\"auto, (max-width: 106px) 100vw, 106px\" \/><\/a><a href=\"http:\/\/walter.jankuhn.2fix.de\/wp-content\/uploads\/2012\/06\/wj-Camilla_Spira.jpg\"><img loading=\"lazy\" decoding=\"async\" class=\"alignnone size-medium wp-image-547\" title=\"wj-Camilla_Spira\" src=\"http:\/\/walter.jankuhn.2fix.de\/wp-content\/uploads\/2012\/06\/wj-Camilla_Spira-198x300.jpg\" alt=\"\" width=\"113\" height=\"170\" srcset=\"http:\/\/walter.jankuhn.2fix.de\/wp-content\/uploads\/2012\/06\/wj-Camilla_Spira-198x300.jpg 198w, http:\/\/walter.jankuhn.2fix.de\/wp-content\/uploads\/2012\/06\/wj-Camilla_Spira.jpg 264w\" sizes=\"auto, (max-width: 113px) 100vw, 113px\" \/><\/a><\/p>\n<p><a href=\"http:\/\/walter.jankuhn.2fix.de\/wp-content\/uploads\/2012\/06\/wj-odeon_01.jpg\"><img loading=\"lazy\" decoding=\"async\" class=\"alignleft size-full wp-image-411\" title=\"wj-odeon_01\" src=\"http:\/\/walter.jankuhn.2fix.de\/wp-content\/uploads\/2012\/06\/wj-odeon_01.jpg\" alt=\"\" width=\"287\" height=\"400\" srcset=\"http:\/\/walter.jankuhn.2fix.de\/wp-content\/uploads\/2012\/06\/wj-odeon_01.jpg 287w, http:\/\/walter.jankuhn.2fix.de\/wp-content\/uploads\/2012\/06\/wj-odeon_01-215x300.jpg 215w\" sizes=\"auto, (max-width: 287px) 100vw, 287px\" \/><\/a>Der frauenbet\u00f6rende, \u00a0spielfreudige &#8220;Walter Jankuhn&#8221; war nicht nur wegen seiner herausragenden gesanglichen Qualit\u00e4ten&#8230;.&#8221; der Operetten-Tenor der Stunde&#8221;, sondern trotz dieser Eigenschaft ! Als Spiel-Tenor unterschied sich sowohl von der Optik, vor allem aber von der Gestik + Mimik von den Gesangstars der Oper mit ihren eher starren Auftritten mit oft f\u00fclliger Figur und weichem Gesang, der nicht recht zur lebhaften Operette passt. Deshalb wagten die gro\u00dfen Opernstars jener Zeit wie Rossvenge, Arno Schmitt und sogar der einzigartige Richard Tauber nur gelegentliche Ausfl\u00fcge auf die Operetten-B\u00fchnen. \u00a0 \u00a0 \u00a0 \u00a0 \u00a0 \u00a0 \u00a0 \u00a0 \u00a0 \u00a0 \u00a0 \u00a0 \u00a0 \u00a0 \u00a0 \u00a0 \u00a0 \u00a0 \u00a0 \u00a0 \u00a0 \u00a0 \u00a0 \u00a0 \u00a0 \u00a0 \u00a0 \u00a0 \u00a0 \u00a0 . \u00a0<em>(&lt; <strong>Abb.<\/strong> = Walter Jankuhn singt die \u00a0Hauptschlager nur auf <\/em>ODEON).<\/p>\n<ul>\n<li><em><strong>Auch nach seinem eigenen Verst\u00e4ndnis war Walter Jankuhn in erster Linie einer mit seiner Stimme professionell arbeitender K\u00fcnstler. Seine Spielfreude und Publikumspr\u00e4senz entsprangen eher seinem Talent, als vielmehr einstudierten Rollenmustern. Walter Jankuhn verstand sich selbst prim\u00e4r als S\u00e4nger denn als Schauspieler &#8211; er blieb authentisch und nat\u00fcrlich. F\u00fcr die damalige Zeit, wo Strammstehen angesagt war &#8211; wohl eher die erfrischend unkomplizierte Ausnahme.<\/strong><\/em><\/li>\n<\/ul>\n<p>Der von dem homosexuellen CHARELL inszenierte Schwank vom Hotel am Wolfgangsee (Weisse R\u00f6ssl), war kein biederes Alpenm\u00e4rchen mit dem Kellner Leopold der sich in seine herrische Chefin verliebt. Wer die Auff\u00fchrung erlebt hat und die Aufnahmen von 1930 geh\u00f6rt hat, vergi\u00dft schnell den Einheitsbrei heutiger R\u00f6ssl-Herrlichkeit mit ihrer verbl\u00f6delten Herzschmerz Folklore und den Publikums-Umarmungen eines; Jopi Heesters, der Rothenberger oder Peter Alexander ( um die Kritikerin &#8220;Brigitte Tautscher&#8221; zu zitieren). Das &#8220;Weisse R\u00f6ssl&#8221; von 1930 war eine ultimativ schwule Tresh Operette, bunt. ironisch, voller knackiger Jungs in Lederhose und prallen Dirndeln. \u00a0Also ein total verj\u00fcngtes, leichtlebig witziges Revuetheater mit unzweideutigen Anspielungen! Deshalb wurde es auch: &#8220;wegen despektierlichem Umgang mit Folklore&#8221; von den NAZIS als<strong> entartet gebrandmarkt<\/strong> &#8211; was dem weltweiten Erfolg dieser Operette auch international keinen Abbruch tat &#8211; ganz im Gegenteil !! Die Ausstattung der Operette von Prof. Ernst Stern muss gigantisch gewesen sein: Der Aufbau der Landschaftskulisse von St. Wolfgang am See in \u00d6sterreich bis in die Alpen &#8211; mit dem Publikum als Talkessel &#8211; einem Bus der auf die B\u00fchne rollt, ein See mit Wasserfall und echtem Regen, das meckern der Ziegen und waschechte Schuhplattler, Jodler und Watschent\u00e4nzer. &#8230;.eine \u00fcberw\u00e4ltigende Kulisse, wie die <strong>BZ<\/strong> schrieb.<\/p>\n<p>Das WEISSE R\u00d6SSL hatte <strong>1931<\/strong> in London, <strong>1932<\/strong> in Paris und <strong>1936<\/strong> in New York Premiere und wurde vielfach verfilmt &#8211; auch nach dem 2. Weltkrieg &#8211; vom Deutschland R\u00fcckkehrer CHARELL mit &#8220;Joh. HEESTERS&#8221;\u00a0<strong>1952<\/strong> und dann mit erheblichen \u00c4nderungen, aber sehr erfolgreich <strong>1960<\/strong> mit &#8220;Peter ALEXANDER&#8221; und &#8220;Maria HELLWIG&#8221;. &#8211; Auch &#8220;Max RAABE&#8221; mit seiner besonderen Art, hat die Rolle des <em>Dr. Siedler<\/em> <strong>1994<\/strong> neu interpretiert und singt die alten Schlager auch heute \u00e4u\u00dferst erfolgreich (die damals zur Berliner Premiere u.a. &#8220;Walter Jankuhn&#8221; gesungen hat).<\/p>\n<p>Nachfolgend ein Youtube Video zu der Auff\u00fchrung von 1930 u.a. mit Ausschnitten von Ensemble sowie Camilla Spira und Max Hansen:<\/p>\n<p><iframe loading=\"lazy\" title=\"&quot;Im Weissen R\u00f6ssl&quot; .... Grosses Stimmungspotpourri Otto Kermbach (1931)\" width=\"640\" height=\"360\" src=\"https:\/\/www.youtube.com\/embed\/qrCfKTISRac?feature=oembed\" frameborder=\"0\" allow=\"accelerometer; autoplay; clipboard-write; encrypted-media; gyroscope; picture-in-picture; web-share\" referrerpolicy=\"strict-origin-when-cross-origin\" allowfullscreen><\/iframe><\/p>\n<p><a href=\"http:\/\/walter.jankuhn.2fix.de\/wp-content\/uploads\/2012\/06\/roessel-himmelblau.jpg\"><img loading=\"lazy\" decoding=\"async\" class=\"alignleft size-full wp-image-709\" title=\"roessel-himmelblau\" src=\"http:\/\/walter.jankuhn.2fix.de\/wp-content\/uploads\/2012\/06\/roessel-himmelblau.jpg\" alt=\"\" width=\"141\" height=\"141\" srcset=\"http:\/\/walter.jankuhn.2fix.de\/wp-content\/uploads\/2012\/06\/roessel-himmelblau.jpg 220w, http:\/\/walter.jankuhn.2fix.de\/wp-content\/uploads\/2012\/06\/roessel-himmelblau-150x150.jpg 150w\" sizes=\"auto, (max-width: 141px) 100vw, 141px\" \/><\/a><\/p>\n<p>Zur Urauff\u00fchrung gibts eine CD Compilation u.a. mit Titeln von \u00a0 . Walter Jankuhn (Die ganze Welt ist himmelblau) &#8211; und den anderen Interpreten.<\/p>\n<p>Bei MUSICLOAD\u00a0\u00a9, AMAZON\u00a0\u00a9 &#8211; kann man sogar einige Titel mit Walter Jankuhn zur Probe h\u00f6ren !<\/p>\n","protected":false},"excerpt":{"rendered":"<p>Die Urauff\u00fchrung des &#8220;Weissen R\u00f6ssl 1930&#8221; in Berlin am 8. November im Gro\u00dfen Schauspielhaus &#8211; war der gr\u00f6\u00dfte Publikumserfolg den eine Operette &#8220;jemals&#8221; in Deutschland erlebt hat! Eine denkw\u00fcrdige Premiere und 416 mal ein ausverkauftes Haus &#8211; ununterbrochen 18 Monate &hellip; <a href=\"http:\/\/walter.jankuhn.2fix.de\/?page_id=49\">Continue reading <span class=\"meta-nav\">&rarr;<\/span><\/a><\/p>\n","protected":false},"author":1,"featured_media":0,"parent":123,"menu_order":5,"comment_status":"open","ping_status":"open","template":"","meta":{"footnotes":""},"class_list":["post-49","page","type-page","status-publish","hentry"],"_links":{"self":[{"href":"http:\/\/walter.jankuhn.2fix.de\/index.php?rest_route=\/wp\/v2\/pages\/49","targetHints":{"allow":["GET"]}}],"collection":[{"href":"http:\/\/walter.jankuhn.2fix.de\/index.php?rest_route=\/wp\/v2\/pages"}],"about":[{"href":"http:\/\/walter.jankuhn.2fix.de\/index.php?rest_route=\/wp\/v2\/types\/page"}],"author":[{"embeddable":true,"href":"http:\/\/walter.jankuhn.2fix.de\/index.php?rest_route=\/wp\/v2\/users\/1"}],"replies":[{"embeddable":true,"href":"http:\/\/walter.jankuhn.2fix.de\/index.php?rest_route=%2Fwp%2Fv2%2Fcomments&post=49"}],"version-history":[{"count":83,"href":"http:\/\/walter.jankuhn.2fix.de\/index.php?rest_route=\/wp\/v2\/pages\/49\/revisions"}],"predecessor-version":[{"id":3558,"href":"http:\/\/walter.jankuhn.2fix.de\/index.php?rest_route=\/wp\/v2\/pages\/49\/revisions\/3558"}],"up":[{"embeddable":true,"href":"http:\/\/walter.jankuhn.2fix.de\/index.php?rest_route=\/wp\/v2\/pages\/123"}],"wp:attachment":[{"href":"http:\/\/walter.jankuhn.2fix.de\/index.php?rest_route=%2Fwp%2Fv2%2Fmedia&parent=49"}],"curies":[{"name":"wp","href":"https:\/\/api.w.org\/{rel}","templated":true}]}}