{"id":192,"date":"2012-06-12T14:35:16","date_gmt":"2012-06-12T14:35:16","guid":{"rendered":"http:\/\/walter.jankuhn.2fix.de\/?page_id=192"},"modified":"2013-03-24T12:33:41","modified_gmt":"2013-03-24T12:33:41","slug":"neuanfang-45","status":"publish","type":"page","link":"http:\/\/walter.jankuhn.2fix.de\/?page_id=192","title":{"rendered":"Neuanfang \/45"},"content":{"rendered":"<p>Nach den Wirren des <strong>2. Weltkriegs<\/strong> dauerte es eine Weile, bis sich aus den Tr\u00fcmmern und der Bew\u00e4ltigung von menschlichen und materiellen Verlusten und Trag\u00f6dien wieder neuer Mut und neues Leben in der sich erst formierenden <strong>Bundesrepublik<\/strong> breit machten. Nachdem die Tr\u00fcmmerfrauen Platz geschaffen hatten bl\u00fchte der Schwarzmarkt und bald begann man wieder zu feiern &#8211; auch zusammen mit den Eroberern die uns nun Rosinen-Bomber nach Berlin schickten. Unter den deutschen K\u00fcnstlern machte sich eine Aufbruchs-Stimmung breit &#8211; noch bevor die &#8220;Fresswelle&#8221; in den 50er Jahren die BRD \u00fcberzog. Zwar hatten beim Wiederaufbau die Theater-Restaurationen nicht Prijorit\u00e4t, aber alle Kunstschaffenden waren endlich in ihrer Kreativit\u00e4t frei! Die neue &#8220;befreite Kunst&#8221; ergriff das vergn\u00fcgungshungrige Publikum bald massenhaft &#8211; der Rock and Roll \u00fcberrollte &#8211; auch Old Germany. \u00a0(Pop + Rock waren nun Trend &#8211; die klassiche Operette galt als angestaubt und mu\u00dfte sich neu erfinden, es folgte das Musical und die Rock-Oper).<\/p>\n<p>&#8220;Walter JANKUHN&#8221;, lebte mit seiner Familie nach dem Krieg in Berlin-Sch\u00f6neberg, also dem sog. West-Sektor in der &#8220;<strong>amerikanischen Zone<\/strong>&#8220;. Die Alleierten und die Nach-kriegsregierung begannen mit der <strong>Entnazifizierung<\/strong> &#8211; auch von Prominenten und K\u00fcnstlern. Multikulti JANKUHN hatte erwartungsgem\u00e4\u00df nichts zu bef\u00fcrchten und konnte im Prinzip sofort weiter als K\u00fcnstler t\u00e4tig werden &#8211; soweit es die realen<strong> <\/strong>Verh\u00e4ltnisse zulie\u00dfen!<\/p>\n<p>Deshalb begann Theatermensch &#8220;Jankuhn&#8221; <strong>1946 <\/strong>erstmal mit der Ideen-Produktion f\u00fcr seinen guten alten Freund Max GRIX (zumal er selbst zun\u00e4chst eine Herzkrankheit zu \u00fcberwinden hatte und auch die neu eingenommene Vaterrolle f\u00fcr erhebliche Ablenkung sorgte). Max GRIX war eigentlich Kameramann und Filmemacher &#8211; probierte sich aber nach dem 2 Weltkrieg erstmal mit dieser Operette (er siedelte sp\u00e4ter nach London um) :<\/p>\n<h2>Skandal in den Wolken 1946<strong><a href=\"http:\/\/walter.jankuhn.2fix.de\/wp-content\/uploads\/2012\/07\/skandal.jpg\"><img loading=\"lazy\" decoding=\"async\" class=\"size-full wp-image-1067 aligncenter\" title=\"skandal\" src=\"http:\/\/walter.jankuhn.2fix.de\/wp-content\/uploads\/2012\/07\/skandal.jpg\" alt=\"\" width=\"450\" height=\"326\" srcset=\"http:\/\/walter.jankuhn.2fix.de\/wp-content\/uploads\/2012\/07\/skandal.jpg 500w, http:\/\/walter.jankuhn.2fix.de\/wp-content\/uploads\/2012\/07\/skandal-300x217.jpg 300w\" sizes=\"auto, (max-width: 450px) 100vw, 450px\" \/><\/a><\/strong><\/h2>\n<h2>ALU PALAST &#8211; 1947<\/h2>\n<h2><strong><a href=\"http:\/\/walter.jankuhn.2fix.de\/wp-content\/uploads\/2012\/06\/wj-Alutheater_1947_001.jpg\"><img loading=\"lazy\" decoding=\"async\" class=\"size-full wp-image-555 aligncenter\" title=\"wj-Alutheater_1947_001\" src=\"http:\/\/walter.jankuhn.2fix.de\/wp-content\/uploads\/2012\/06\/wj-Alutheater_1947_001.jpg\" alt=\"\" width=\"294\" height=\"202\" srcset=\"http:\/\/walter.jankuhn.2fix.de\/wp-content\/uploads\/2012\/06\/wj-Alutheater_1947_001.jpg 583w, http:\/\/walter.jankuhn.2fix.de\/wp-content\/uploads\/2012\/06\/wj-Alutheater_1947_001-300x205.jpg 300w\" sizes=\"auto, (max-width: 294px) 100vw, 294px\" \/><\/a><\/strong><\/h2>\n<p><a href=\"http:\/\/walter.jankuhn.2fix.de\/wp-content\/uploads\/2012\/06\/wj-Alutheater_1947_002.jpg\"><img loading=\"lazy\" decoding=\"async\" class=\"alignleft size-full wp-image-556\" title=\"wj-Alutheater_1947_002\" src=\"http:\/\/walter.jankuhn.2fix.de\/wp-content\/uploads\/2012\/06\/wj-Alutheater_1947_002.jpg\" alt=\"\" width=\"540\" height=\"188\" srcset=\"http:\/\/walter.jankuhn.2fix.de\/wp-content\/uploads\/2012\/06\/wj-Alutheater_1947_002.jpg 600w, http:\/\/walter.jankuhn.2fix.de\/wp-content\/uploads\/2012\/06\/wj-Alutheater_1947_002-300x104.jpg 300w\" sizes=\"auto, (max-width: 540px) 100vw, 540px\" \/><\/a><\/p>\n<p>&nbsp;<\/p>\n<p>&nbsp;<\/p>\n<p>&nbsp;<\/p>\n<p>&nbsp;<\/p>\n<p>&nbsp;<\/p>\n<p><strong>1947<\/strong> als viele Theater noch zerst\u00f6rt waren gab es ein erstes erfolgreiches Experiment, vielleicht der Vorl\u00e4ufer von &#8220;Wetten dass&#8221;, eine gro\u00dfe Unterhaltungsshow mit Musik, Akrobatik, Tanz und Humor &#8211; in einem <strong>ALUMINIUM-PALAST<\/strong> on the Road. Die Premiere der Ausstattungsrevue &#8220;LIEBES EXPRESS&#8221; war in Hannover. Mit von der Partie waren Walter Jankuhn und Willi Fritsch als Gaststar (Abb. links: Jankuhn, Mitte: Fritsch).<\/p>\n<p style=\"text-align: center;\"><a href=\"http:\/\/walter.jankuhn.2fix.de\/wp-content\/uploads\/2012\/06\/wj-Alutheater_1947_003.jpg\"><img loading=\"lazy\" decoding=\"async\" class=\"aligncenter size-full wp-image-557\" title=\"wj-Alutheater_1947_003\" src=\"http:\/\/walter.jankuhn.2fix.de\/wp-content\/uploads\/2012\/06\/wj-Alutheater_1947_003.jpg\" alt=\"\" width=\"374\" height=\"256\" srcset=\"http:\/\/walter.jankuhn.2fix.de\/wp-content\/uploads\/2012\/06\/wj-Alutheater_1947_003.jpg 585w, http:\/\/walter.jankuhn.2fix.de\/wp-content\/uploads\/2012\/06\/wj-Alutheater_1947_003-300x205.jpg 300w\" sizes=\"auto, (max-width: 374px) 100vw, 374px\" \/><\/a> <a href=\"http:\/\/walter.jankuhn.2fix.de\/wp-content\/uploads\/2012\/06\/wj-Heft_045_s03_Alupalast.jpg\"><img loading=\"lazy\" decoding=\"async\" class=\"size-full wp-image-448 aligncenter\" title=\"wj-Heft_045_s03_Alupalast\" src=\"http:\/\/walter.jankuhn.2fix.de\/wp-content\/uploads\/2012\/06\/wj-Heft_045_s03_Alupalast.jpg\" alt=\"\" width=\"561\" height=\"400\" srcset=\"http:\/\/walter.jankuhn.2fix.de\/wp-content\/uploads\/2012\/06\/wj-Heft_045_s03_Alupalast.jpg 701w, http:\/\/walter.jankuhn.2fix.de\/wp-content\/uploads\/2012\/06\/wj-Heft_045_s03_Alupalast-300x213.jpg 300w\" sizes=\"auto, (max-width: 561px) 100vw, 561px\" \/><\/a><\/p>\n<h2>1949 \/50 PUHLMANN Theater<\/h2>\n<p style=\"text-align: center;\"><strong><a href=\"http:\/\/walter.jankuhn.2fix.de\/wp-content\/uploads\/2012\/06\/wj-Heft_038_s01_Puhlmann_Graf.jpg\"><img loading=\"lazy\" decoding=\"async\" class=\"size-full wp-image-460 aligncenter\" title=\"wj-Heft_038_s01_Puhlmann_Graf\" src=\"http:\/\/walter.jankuhn.2fix.de\/wp-content\/uploads\/2012\/06\/wj-Heft_038_s01_Puhlmann_Graf.jpg\" alt=\"\" width=\"360\" height=\"256\" srcset=\"http:\/\/walter.jankuhn.2fix.de\/wp-content\/uploads\/2012\/06\/wj-Heft_038_s01_Puhlmann_Graf.jpg 704w, http:\/\/walter.jankuhn.2fix.de\/wp-content\/uploads\/2012\/06\/wj-Heft_038_s01_Puhlmann_Graf-300x213.jpg 300w\" sizes=\"auto, (max-width: 360px) 100vw, 360px\" \/><\/a><\/strong><\/p>\n<p>&nbsp;<\/p>\n<p><a href=\"http:\/\/walter.jankuhn.2fix.de\/wp-content\/uploads\/2012\/06\/wj-Plakat_Reise.jpg\"><img loading=\"lazy\" decoding=\"async\" class=\"alignleft size-full wp-image-286\" title=\"wj-Plakat_Reise\" src=\"http:\/\/walter.jankuhn.2fix.de\/wp-content\/uploads\/2012\/06\/wj-Plakat_Reise.jpg\" alt=\"\" width=\"251\" height=\"360\" srcset=\"http:\/\/walter.jankuhn.2fix.de\/wp-content\/uploads\/2012\/06\/wj-Plakat_Reise.jpg 349w, http:\/\/walter.jankuhn.2fix.de\/wp-content\/uploads\/2012\/06\/wj-Plakat_Reise-209x300.jpg 209w\" sizes=\"auto, (max-width: 251px) 100vw, 251px\" \/><\/a><strong>1949<\/strong> schaffte es die&#8221;Operetten Vereinigung Berlin&#8221; am PUHLMANN Theater wieder klassische Operette an die Leute zu bringen, mit &#8220;Walter JANKUHN<em>&#8220;<\/em> (Titelheld) als &#8220;<strong>Graf von Luxem-burg<\/strong>&#8221; vom unserem altbekannten Komponist &#8220;Benatzky&#8221;. Mit an seiner Seite u. a. diesmal &#8220;Mizzy Metelka&#8221; und &#8220;Erich Passow&#8221; &#8211; ein erster Nach-kriegserfolg war geboren.<\/p>\n<p><strong>1950<\/strong> hatte sich der Zeitgeschmack deutlich ver-\u00e4ndert &#8211; Deutschland \u00fcberrollten immer neue &#8220;Konsumwellen&#8221;. Nach der Fresswelle und Rock-Musik kam Reisen: &#8211; Lieblingsland der Deutschen war Italien (Connie Frobes sang &#8220;Zwei kleine Italiener&#8221;). &#8220;Walter JANKUHN &#8221; war inzwischen bereits \u00fcber 60 Jahre alt und inszenierte am PHULMANN die K\u00dcNECKE Operette &#8220;<strong>Gl\u00fcckliche Reise<\/strong>&#8221; humorvoll, grotesk und f\u00fcgte geschickt Tanzszenen mit ein ( Presse-Echo). Zus\u00e4tzlich brillierte er routiniert in der &#8220;Nebenrolle&#8221; des \u00e4lteren <em>Herrn Regierungsrat<\/em> und als Darsteller an der Seite von Mizzi METELKA.<\/p>\n<div id=\"attachment_1967\" style=\"width: 160px\" class=\"wp-caption alignright\"><a href=\"http:\/\/walter.jankuhn.2fix.de\/wp-content\/uploads\/2012\/11\/wj-phulmann.jpg\"><img loading=\"lazy\" decoding=\"async\" aria-describedby=\"caption-attachment-1967\" class=\"size-thumbnail wp-image-1967\" title=\"wj-phulmann\" src=\"http:\/\/walter.jankuhn.2fix.de\/wp-content\/uploads\/2012\/11\/wj-phulmann-150x150.jpg\" alt=\"\" width=\"150\" height=\"150\" \/><\/a><p id=\"caption-attachment-1967\" class=\"wp-caption-text\">W.Jankuhn \/Mizzi Metelka<\/p><\/div>\n<p>Wohlwissend, dass seine Zeit als jugendlicher Tenor langsam abl\u00e4uft, verlegte er sich zunehmend auf Regie + Nebenrollen. \u00a0In der Hauptrolle sangen das Buffo Paar &#8220;Bruno KIEBLER&#8221; und &#8220;Nusha RICHTER&#8221; sowie der Tenor &#8220;Erich PASSOW&#8221; und &#8220;Eva DAEHNE&#8221; -vortrefflich (Nat.-Zeitung). Eine gelungene <strong>Neuinszenierung <\/strong>von &#8220;Walter JANKUHN&#8221; (der ja bereits \u00a0vor dem Krieg am Nollendorf-Theater und in Innsbruck mit seinen Inszenierungen erfolgreich war).<\/p>\n<h2>1952 \u00a0Rundfunkproduktion &#8220;Bezauberndes Fr\u00e4ulein&#8221;<strong><a href=\"http:\/\/walter.jankuhn.2fix.de\/wp-content\/uploads\/2012\/06\/wj-presse_19_wdr_1.jpg\"><img loading=\"lazy\" decoding=\"async\" class=\"size-full wp-image-313 aligncenter\" title=\"wj-presse_19_wdr_1\" src=\"http:\/\/walter.jankuhn.2fix.de\/wp-content\/uploads\/2012\/06\/wj-presse_19_wdr_1.jpg\" alt=\"\" width=\"510\" height=\"400\" srcset=\"http:\/\/walter.jankuhn.2fix.de\/wp-content\/uploads\/2012\/06\/wj-presse_19_wdr_1.jpg 510w, http:\/\/walter.jankuhn.2fix.de\/wp-content\/uploads\/2012\/06\/wj-presse_19_wdr_1-300x235.jpg 300w\" sizes=\"auto, (max-width: 510px) 100vw, 510px\" \/><\/a><\/strong><\/h2>\n<p><strong><a href=\"http:\/\/walter.jankuhn.2fix.de\/wp-content\/uploads\/2012\/12\/hbg-archiv-bez-fr\u00e4ul.-gro\u00df.jpg\"><img loading=\"lazy\" decoding=\"async\" class=\"alignright size-full wp-image-2417\" title=\"hbg-archiv-bez-fr\u00e4ul.-gro\u00df\" src=\"http:\/\/walter.jankuhn.2fix.de\/wp-content\/uploads\/2012\/12\/hbg-archiv-bez-fr\u00e4ul.-gro\u00df.jpg\" alt=\"\" width=\"258\" height=\"259\" srcset=\"http:\/\/walter.jankuhn.2fix.de\/wp-content\/uploads\/2012\/12\/hbg-archiv-bez-fr\u00e4ul.-gro\u00df.jpg 399w, http:\/\/walter.jankuhn.2fix.de\/wp-content\/uploads\/2012\/12\/hbg-archiv-bez-fr\u00e4ul.-gro\u00df-150x150.jpg 150w, http:\/\/walter.jankuhn.2fix.de\/wp-content\/uploads\/2012\/12\/hbg-archiv-bez-fr\u00e4ul.-gro\u00df-300x300.jpg 300w\" sizes=\"auto, (max-width: 258px) 100vw, 258px\" \/><\/a>1952<\/strong> wurde Benatzky&#8217;s &#8220;Bezauberndes Fr\u00e4ulein&#8221; \u00a0in einer WDR-Rundfunkproduktion mit &#8220;Walter JANKUHN&#8221; in einer charmanten Nebenrolle als <em>Papa<\/em>. (Wiederholungs-Sendung des WDR <strong>1961<\/strong>) &#8211; in den Hauptrollen mit Karl SCH\u00d6NB\u00d6CK \u00a0und Gretel SCH\u00d6RG aufgezeichnet. Nur wenige wussten, da\u00df Walter JANKUHN zu diesem Zeit-punkt bereits schwer herzkrank war und von seinem behandelnden Arzt striktes &#8220;B\u00fchnen-verbot&#8221; hatte. Zwar hat sich &#8220;Jankuhn&#8221; mehr zur\u00fcckgenommen und jetzt auf die Schulung von Nachwuchs Talenten konzentriert, konnte der B\u00fchne aber nie v\u00f6llig widerstehen. Von dieser letzten Produktion vor seinem Tod 1953 gibt es eine <strong>Doppel<\/strong>&#8211;<strong>CD (Hamburger Archiv f\u00fcr Gesangskunst).<a href=\"http:\/\/walter.jankuhn.2fix.de\/wp-content\/uploads\/2012\/12\/bez-fr\u00e4ul-Ansicht.jpg\"><img loading=\"lazy\" decoding=\"async\" class=\"alignright size-thumbnail wp-image-2416\" title=\"bez--fr\u00e4ul-Ansicht\" src=\"http:\/\/walter.jankuhn.2fix.de\/wp-content\/uploads\/2012\/12\/bez-fr\u00e4ul-Ansicht-150x150.jpg\" alt=\"\" width=\"122\" height=\"122\" srcset=\"http:\/\/walter.jankuhn.2fix.de\/wp-content\/uploads\/2012\/12\/bez-fr\u00e4ul-Ansicht-150x150.jpg 150w, http:\/\/walter.jankuhn.2fix.de\/wp-content\/uploads\/2012\/12\/bez-fr\u00e4ul-Ansicht.jpg 300w\" sizes=\"auto, (max-width: 122px) 100vw, 122px\" \/><\/a> <\/strong>Ab\u00a0<strong>01.06.2012 <\/strong>gibt&#8217;s sogar eine\u00a0<strong>Neuauflage <\/strong> dieser CD-Box bei<br \/>\nDA-Musik\/Astrophon. (\u00dcber die Qualit\u00e4t + Umfang des Remastering kann keine Aussage getroffen werden).<\/p>\n<p>Auf der CD der Benatzky Operette &#8220;<strong>Meine Schwester und ich<\/strong>&#8221; befinden sich von der gleichen WDR-Produktion von 1952 &#8211; Ausz\u00fcge mit Walter JANKUHN. Der namenhafte Rezensent &#8220;Cevin Klein&#8221; vom <strong>Operette Research Inst.<\/strong> bemerkt dazu:<\/p>\n<p><a href=\"http:\/\/walter.jankuhn.2fix.de\/wp-content\/uploads\/2012\/06\/schwester-bez-fraulein.jpg\"><img loading=\"lazy\" decoding=\"async\" class=\"alignleft size-full wp-image-708\" title=\"schwester-bez-fraulein\" src=\"http:\/\/walter.jankuhn.2fix.de\/wp-content\/uploads\/2012\/06\/schwester-bez-fraulein.jpg\" alt=\"\" width=\"128\" height=\"116\" \/><\/a>&#8220;&#8230; auch hier bietet <strong>MEMBRAN <\/strong>bzw. der WDR einen Knaller: denn der Vater (Papa) des biestigen Fr\u00e4uleins wird von niemand Gerin-gerem als &#8220;Walter JANKUHN&#8221; gesungen. Zur Erinnerung: Er war der sexy Tenorstar der CHARELL-Revueoperetten im Berlin der 20er Jahre und der erste &#8220;<em>Dr. Siedler<\/em>&#8221; der Operettengeschichte (&#8220;Im Weissen R\u00f6ssl&#8221;). Wundervoll, wie er als \u00e4lterer Mann &#8211; kurz vor seinem Tod 1953 &#8211; charaktervoll diese Rolle gestaltet!&#8221;<\/p>\n<p><strong>1953<\/strong> ein Jahr nach dem Tod von W. Jankuhn wurde die erfolgreiche Benatzky Operette &#8220;Bezauberndes Fr\u00e4ulein&#8221; im Format einer Kom\u00f6die mit Georg Tomalla, Karl Sch\u00f6nb\u00f6ck und Herta Stahl verfilmt &#8230; <strong>1963<\/strong> &#8211; zehn Jahre sp\u00e4ter folgte eine TV-Produktion wieder mit Thomalla und Monika Dahlberg.<\/p>\n<p>Derweil kamen einige, der im Dritten Reich gefl\u00fcchteten K\u00fcnstler nach 1945 wieder nach Berlin zur\u00fcck, auch wenn dieser Weg nicht immer einfach war (youtube-video):<\/p>\n<p><iframe loading=\"lazy\" title=\"MUSIKSTADT BERLIN 1945-1947 tonfilm, Menuhin, Blech, Furtw\u00e4ngler in Berlin..\" width=\"640\" height=\"480\" src=\"https:\/\/www.youtube.com\/embed\/6w4WGwWe70M?feature=oembed\" frameborder=\"0\" allow=\"accelerometer; autoplay; clipboard-write; encrypted-media; gyroscope; picture-in-picture; web-share\" referrerpolicy=\"strict-origin-when-cross-origin\" allowfullscreen><\/iframe><\/p>\n<p>&nbsp;<\/p>\n<p>&nbsp;<\/p>\n<p>&nbsp;<\/p>\n<p>&nbsp;<\/p>\n<p>&nbsp;<\/p>\n","protected":false},"excerpt":{"rendered":"<p>Nach den Wirren des 2. Weltkriegs dauerte es eine Weile, bis sich aus den Tr\u00fcmmern und der Bew\u00e4ltigung von menschlichen und materiellen Verlusten und Trag\u00f6dien wieder neuer Mut und neues Leben in der sich erst formierenden Bundesrepublik breit machten. Nachdem &hellip; <a href=\"http:\/\/walter.jankuhn.2fix.de\/?page_id=192\">Continue reading <span class=\"meta-nav\">&rarr;<\/span><\/a><\/p>\n","protected":false},"author":1,"featured_media":0,"parent":131,"menu_order":2,"comment_status":"open","ping_status":"open","template":"","meta":{"footnotes":""},"class_list":["post-192","page","type-page","status-publish","hentry"],"_links":{"self":[{"href":"http:\/\/walter.jankuhn.2fix.de\/index.php?rest_route=\/wp\/v2\/pages\/192","targetHints":{"allow":["GET"]}}],"collection":[{"href":"http:\/\/walter.jankuhn.2fix.de\/index.php?rest_route=\/wp\/v2\/pages"}],"about":[{"href":"http:\/\/walter.jankuhn.2fix.de\/index.php?rest_route=\/wp\/v2\/types\/page"}],"author":[{"embeddable":true,"href":"http:\/\/walter.jankuhn.2fix.de\/index.php?rest_route=\/wp\/v2\/users\/1"}],"replies":[{"embeddable":true,"href":"http:\/\/walter.jankuhn.2fix.de\/index.php?rest_route=%2Fwp%2Fv2%2Fcomments&post=192"}],"version-history":[{"count":73,"href":"http:\/\/walter.jankuhn.2fix.de\/index.php?rest_route=\/wp\/v2\/pages\/192\/revisions"}],"predecessor-version":[{"id":3603,"href":"http:\/\/walter.jankuhn.2fix.de\/index.php?rest_route=\/wp\/v2\/pages\/192\/revisions\/3603"}],"up":[{"embeddable":true,"href":"http:\/\/walter.jankuhn.2fix.de\/index.php?rest_route=\/wp\/v2\/pages\/131"}],"wp:attachment":[{"href":"http:\/\/walter.jankuhn.2fix.de\/index.php?rest_route=%2Fwp%2Fv2%2Fmedia&parent=192"}],"curies":[{"name":"wp","href":"https:\/\/api.w.org\/{rel}","templated":true}]}}