{"id":187,"date":"2012-06-12T14:38:44","date_gmt":"2012-06-12T14:38:44","guid":{"rendered":"http:\/\/walter.jankuhn.2fix.de\/?page_id=187"},"modified":"2013-05-10T19:40:28","modified_gmt":"2013-05-10T19:40:28","slug":"kraft-durch-freunde","status":"publish","type":"page","link":"http:\/\/walter.jankuhn.2fix.de\/?page_id=187","title":{"rendered":"Kraft durch Freude"},"content":{"rendered":"<p style=\"text-align: left;\"><strong>BERLINER\u00a0Operette im 2. Weltkrieg<\/strong> &#8211; dieses Thema schlie\u00dft sich eigentlich von selbst aus, w\u00fcrde man meinen?! Zun\u00e4chst aber merkte das Publikum in Berlin von Kriegswirren &#8220;au\u00dferhalb des Landes&#8221; wenig, die &#8220;Theaterlust&#8221; hatte trotz einiger Widrigkeiten &#8211; Hochkonjunktur. Anfangs ver\u00e4nderten sich lediglich die Operetten-Spielpl\u00e4ne etwas, &#8220;weniger frivol&#8221;, dann fehlten pl\u00f6tzlich einige bekannte Gesichter, die durch andere bekannte K\u00fcnstler ersetzt wurden und schlie\u00dflich wurden umbequeme sozialkritische St\u00fccke wie z. B. Brecht&#8217;s &#8220;Dreigroschenoper&#8221; von <strong>1928, <\/strong>die\u00a01931 verfilmt wurde, ab <strong>1933<\/strong> verboten!<\/p>\n<div id=\"attachment_380\" style=\"width: 518px\" class=\"wp-caption aligncenter\"><a href=\"http:\/\/walter.jankuhn.2fix.de\/wp-content\/uploads\/2012\/06\/wj-operette_015.jpg\"><img loading=\"lazy\" decoding=\"async\" aria-describedby=\"caption-attachment-380\" class=\"size-full wp-image-380 \" title=\"wj-operette_015\" src=\"http:\/\/walter.jankuhn.2fix.de\/wp-content\/uploads\/2012\/06\/wj-operette_015.jpg\" alt=\"\" width=\"508\" height=\"320\" srcset=\"http:\/\/walter.jankuhn.2fix.de\/wp-content\/uploads\/2012\/06\/wj-operette_015.jpg 635w, http:\/\/walter.jankuhn.2fix.de\/wp-content\/uploads\/2012\/06\/wj-operette_015-300x188.jpg 300w\" sizes=\"auto, (max-width: 508px) 100vw, 508px\" \/><\/a><p id=\"caption-attachment-380\" class=\"wp-caption-text\">W. Jankuhn (vorne)<\/p><\/div>\n<p>Bis das b\u00fcrgerliche Publikum wirklich merkte, das alle Kunst, ja sogar triviale Unter-haltung stetig konsequenter vom NS-Propagandaministerium instrumentalisiert wurde &#8211; war es schon zu sp\u00e4t &#8211; und die K\u00fcnstler waren mehr oder weniger ein Opfer des Systems geworden. 1943 wurde das Gro\u00dfe Schauspielhaus von <strong>Bomben<\/strong> besch\u00e4digt und 1944 das Metropol etc. &#8211; nichts ging mehr, auch wenn manche Schauspieler verzweifelt versuchten weiterzuspielen, selbst wenn sich kaum noch Publikum ins Theater traute.\u00a0<strong>1944<\/strong> wurden schlie\u00dflich alle deutschen\u00a0<strong>Theater geschlossen. <\/strong>Viele K\u00fcnstler, Juden, Zigeuner, Kommunisten u.v.m., \u00a0sind ab 1932\/33 \u00a0z. B. nach USA emigriert, so auch die Operetten-diva MASSARY und Revue-Papst CHARELL .<\/p>\n<div id=\"attachment_2419\" style=\"width: 253px\" class=\"wp-caption alignright\"><a href=\"http:\/\/walter.jankuhn.2fix.de\/wp-content\/uploads\/2012\/12\/gendarmenmarkt.jpg\"><img loading=\"lazy\" decoding=\"async\" aria-describedby=\"caption-attachment-2419\" class=\"size-medium wp-image-2419  \" title=\"gendarmenmarkt\" src=\"http:\/\/walter.jankuhn.2fix.de\/wp-content\/uploads\/2012\/12\/gendarmenmarkt-300x199.jpg\" alt=\"\" width=\"243\" height=\"161\" srcset=\"http:\/\/walter.jankuhn.2fix.de\/wp-content\/uploads\/2012\/12\/gendarmenmarkt-300x199.jpg 300w, http:\/\/walter.jankuhn.2fix.de\/wp-content\/uploads\/2012\/12\/gendarmenmarkt.jpg 800w\" sizes=\"auto, (max-width: 243px) 100vw, 243px\" \/><\/a><p id=\"caption-attachment-2419\" class=\"wp-caption-text\">Berlin-Gendarmenmarkt (2. W-Krieg)<\/p><\/div>\n<p>Zu Kriegsbeginn war \u00fcberhaupt noch nicht daran zu denken den Kunstbetrieb einzuschr\u00e4nken bzw. den verbliebenen deutschen K\u00fcnstlern den Beruf zu verbieten oder privateTheater zu schlie\u00dfen.<br \/>\nIm Gegenteil &#8211; die Stimmung sollte ja aufrecht-<br \/>\nerhalten werden. Der entstandene Verlust an K\u00fcnstlern sollte keine Mangelerscheinung entstehen lassen, was zun\u00e4chst den verbliebenen K\u00fcnstlern eine gewisse Narrenfreiheit und mehr Verhandlungsspielraum brachte. Die vorhandenen K\u00fcnstler wurden ja weiter gebraucht auch wenn sie \u00f6fter gute Mine zum b\u00f6sen Spiel machen mussten. Nat\u00fcrlich wollten sich die deutschen K\u00fcnstler nicht ihren geliebten Beruf verbieten lassen und weiter auf deutschsprachigen B\u00fchnen vor ihren Fans auftreten &#8211; selbst wem es schwer fiel sich zu arrangieren (denn ihr Publikum wollten die K\u00fcnstler zu allerletzt verlieren) . Viele handelten deshalb nach dem <strong>Prinzip Hoffnung<\/strong> und haben das NS-Regime zun\u00e4chst als kurzlebigen Spuk verharmlost &#8211; was sich als Irrtum erweisen sollte! Schlie\u00dflich musste man neue Verordungen des Referats; &#8220;<strong>Kraft durch Freude<\/strong>&#8221; (<strong>KDF<\/strong>) wie auch immmer &#8211; ber\u00fccksichtigen. \u00a0Die K\u00fcnstler lernten dabei aber auch kunstfertig mit Vorschriften umzugehen, z. B. wie man etwas interpretiert, ignoriert oder auch mit Nonchalance \u00fcberspielt. Zum Schluss war die Kunst allerdings kaum noch zu retten &#8211; aber wer wollte sich schon zum M\u00e4rtyrer machen?! In dieser Zeit waren Deutschlands K\u00fcnstler nicht mehr allein von der Gunst des Publikums abh\u00e4ngig, \u00a0sondern auch von der KDF Politik mit \u00a0entsprechenden Angeboten und Einschr\u00e4nkungen &#8211; oftmals ein Drahtseilakt! (siehe auch Kapitel:\u00a0<em>&gt;Privat&gt; Wilh. Gustloff<\/em>)<\/p>\n<p><a href=\"http:\/\/walter.jankuhn.2fix.de\/wp-content\/uploads\/2013\/05\/images-1norwegen.jpg\"><img loading=\"lazy\" decoding=\"async\" class=\"alignright size-full wp-image-3710\" title=\"images (1)norwegen\" src=\"http:\/\/walter.jankuhn.2fix.de\/wp-content\/uploads\/2013\/05\/images-1norwegen.jpg\" alt=\"\" width=\"189\" height=\"267\" \/><\/a>&#8220;<strong>Kraft durch Freude<\/strong>&#8221; entstand aus einer Unterorganisation der Deutschen Arbeiterfront der Gewerkschaften die vom NS Regime kurzerhand geschlossen und vereinnahmt wurden. Mit dem Versprechen des Anspruchs &#8220;Urlaub f\u00fcr Jeden&#8221; und insbesondere preiswerten Schiffsreisen, die ansonsten nur den Reichen vorbehalten waren, wurden breite Bev\u00f6lkerungskreise gek\u00f6dert und f\u00fcr das NS-Regime gef\u00fcgig gemacht &#8211; nicht ohne Erfolg !<\/p>\n<div id=\"attachment_437\" style=\"width: 280px\" class=\"wp-caption alignleft\"><a href=\"http:\/\/walter.jankuhn.2fix.de\/wp-content\/uploads\/2012\/06\/wj-kdf_011.jpg\"><img loading=\"lazy\" decoding=\"async\" aria-describedby=\"caption-attachment-437\" class=\"size-medium wp-image-437 \" title=\"wj-kdf_011\" src=\"http:\/\/walter.jankuhn.2fix.de\/wp-content\/uploads\/2012\/06\/wj-kdf_011-300x214.jpg\" alt=\"\" width=\"270\" height=\"193\" srcset=\"http:\/\/walter.jankuhn.2fix.de\/wp-content\/uploads\/2012\/06\/wj-kdf_011-300x214.jpg 300w, http:\/\/walter.jankuhn.2fix.de\/wp-content\/uploads\/2012\/06\/wj-kdf_011.jpg 560w\" sizes=\"auto, (max-width: 270px) 100vw, 270px\" \/><\/a><p id=\"caption-attachment-437\" class=\"wp-caption-text\">W. Jankuhn (&gt; KDF\/ Norwegen)<\/p><\/div>\n<p>Genauso wurden auch die K\u00fcnstler benutzt, schlie\u00dflich bestimmte das NS-Angebot die Nachfrage. Davon blieb kaum ein K\u00fcnstler verschont, auch Kammers\u00e4nger Walter JANKUHN nicht (wie die meisten seiner verbliebenen &#8220;arischen Kollegen&#8221; auch): z.B. &#8220;Paul Lincke&#8221;, &#8220;Hans Albers&#8221;, &#8220;Willy Fritsch&#8221;, &#8220;Erik Ode&#8221;, &#8220;Brigitte Mira&#8221; etc. etc, Sicher gab es auch naive oder opportunistische K\u00fcnstler &#8211; dazu geh\u00f6rte Multikulti &#8220;Jankuhn&#8221; aber sicherlich nicht. Er pflegte ebenso weiter seine Beziehungen (auch ohne \u00d6ffentlichkeit) \u00a0zu j\u00fcdischen, sozialdemokratischen oder ausl\u00e4ndischen Freunden, Bekannten und Verwandten, selbst wenn davon einige &#8220;koscher&#8221; waren (sp\u00e4ter hat das NS-Regime ja sogar &#8220;Mischehen&#8221; oder einfach nur unliebsame sog. Denunzianten deportiert etc.). Kammers\u00e4nger JANKUHN selbst wurde trotzdem nie Mitglied der Partei &#8211; geschweige denn NSDAP oder gar Soldat! Trotz diesem &#8220;Makel&#8221; &#8211; aus Sicht des NS-Regimes &#8211; blieb er unbehelligt &#8211; weil man ihn noch brauchte und er keine Angriffsfl\u00e4chen bot. Walter JANKUHN hat stets versucht seine Musik- u. Theater-Kompetenz m\u00f6glichst geschickt in Sinne seiner k\u00fcnstlerischen Ambitionen und denen seiner Kollegen umzusetzen, wohl wissend, dass es in jener Zeit dennoch ein Privileg war sich k\u00fcnstlerisch bet\u00e4tigen zu k\u00f6nnen, anstatt ein Frontsoldat sein zu m\u00fcssen. Deshalb war er auch im Nachkriegs-Deutschland ab <strong>1945<\/strong> von den <strong>alliierten Siegerm\u00e4chten<\/strong> ebenso gut gelitten, wie beim Neubeginn der BRD <strong>1949<\/strong>. Walter JANKUHN hatte keinerlei\u00a0Auftritts- oder Berufsbeschr\u00e4nkungen zu bef\u00fcrchten, wie einzelne andere K\u00fcnstler-Kollegen (Entnazifizierung).<\/p>\n<p><a href=\"http:\/\/walter.jankuhn.2fix.de\/wp-content\/uploads\/2012\/06\/wj-kdf_006.jpg\"><img loading=\"lazy\" decoding=\"async\" class=\"alignleft size-medium wp-image-432\" title=\"wj-kdf_006\" src=\"http:\/\/walter.jankuhn.2fix.de\/wp-content\/uploads\/2012\/06\/wj-kdf_006-300x214.jpg\" alt=\"\" width=\"300\" height=\"214\" srcset=\"http:\/\/walter.jankuhn.2fix.de\/wp-content\/uploads\/2012\/06\/wj-kdf_006-300x214.jpg 300w, http:\/\/walter.jankuhn.2fix.de\/wp-content\/uploads\/2012\/06\/wj-kdf_006.jpg 560w\" sizes=\"auto, (max-width: 300px) 100vw, 300px\" \/><\/a><a href=\"http:\/\/walter.jankuhn.2fix.de\/wp-content\/uploads\/2012\/06\/wj-kdf_016.jpg\"><img loading=\"lazy\" decoding=\"async\" class=\"alignleft size-medium wp-image-442\" title=\"wj-kdf_016\" src=\"http:\/\/walter.jankuhn.2fix.de\/wp-content\/uploads\/2012\/06\/wj-kdf_016-300x195.jpg\" alt=\"\" width=\"270\" height=\"176\" srcset=\"http:\/\/walter.jankuhn.2fix.de\/wp-content\/uploads\/2012\/06\/wj-kdf_016-300x195.jpg 300w, http:\/\/walter.jankuhn.2fix.de\/wp-content\/uploads\/2012\/06\/wj-kdf_016.jpg 615w\" sizes=\"auto, (max-width: 270px) 100vw, 270px\" \/><\/a><a href=\"http:\/\/walter.jankuhn.2fix.de\/wp-content\/uploads\/2012\/06\/wj-kdf_008.jpg\"><img loading=\"lazy\" decoding=\"async\" class=\"alignleft size-medium wp-image-434\" title=\"wj-kdf_008\" src=\"http:\/\/walter.jankuhn.2fix.de\/wp-content\/uploads\/2012\/06\/wj-kdf_008-300x185.jpg\" alt=\"\" width=\"300\" height=\"185\" srcset=\"http:\/\/walter.jankuhn.2fix.de\/wp-content\/uploads\/2012\/06\/wj-kdf_008-300x185.jpg 300w, http:\/\/walter.jankuhn.2fix.de\/wp-content\/uploads\/2012\/06\/wj-kdf_008.jpg 648w\" sizes=\"auto, (max-width: 300px) 100vw, 300px\" \/><\/a><a href=\"http:\/\/walter.jankuhn.2fix.de\/wp-content\/uploads\/2012\/06\/wj-kdf_004.jpg\"><img loading=\"lazy\" decoding=\"async\" class=\"alignleft size-medium wp-image-430\" title=\"wj-kdf_004\" src=\"http:\/\/walter.jankuhn.2fix.de\/wp-content\/uploads\/2012\/06\/wj-kdf_004-300x191.jpg\" alt=\"\" width=\"300\" height=\"191\" srcset=\"http:\/\/walter.jankuhn.2fix.de\/wp-content\/uploads\/2012\/06\/wj-kdf_004-300x191.jpg 300w, http:\/\/walter.jankuhn.2fix.de\/wp-content\/uploads\/2012\/06\/wj-kdf_004.jpg 626w\" sizes=\"auto, (max-width: 300px) 100vw, 300px\" \/><\/a><a href=\"http:\/\/walter.jankuhn.2fix.de\/wp-content\/uploads\/2012\/06\/wj-kdf_003.jpg\"><img loading=\"lazy\" decoding=\"async\" class=\"alignleft size-medium wp-image-429\" title=\"wj-kdf_003\" src=\"http:\/\/walter.jankuhn.2fix.de\/wp-content\/uploads\/2012\/06\/wj-kdf_003-300x196.jpg\" alt=\"\" width=\"300\" height=\"196\" srcset=\"http:\/\/walter.jankuhn.2fix.de\/wp-content\/uploads\/2012\/06\/wj-kdf_003-300x196.jpg 300w, http:\/\/walter.jankuhn.2fix.de\/wp-content\/uploads\/2012\/06\/wj-kdf_003.jpg 610w\" sizes=\"auto, (max-width: 300px) 100vw, 300px\" \/><\/a><a href=\"http:\/\/walter.jankuhn.2fix.de\/wp-content\/uploads\/2012\/06\/wj-kdf_013.jpg\"><img loading=\"lazy\" decoding=\"async\" class=\"alignleft size-medium wp-image-439\" title=\"wj-kdf_013\" src=\"http:\/\/walter.jankuhn.2fix.de\/wp-content\/uploads\/2012\/06\/wj-kdf_013-300x188.jpg\" alt=\"\" width=\"270\" height=\"169\" srcset=\"http:\/\/walter.jankuhn.2fix.de\/wp-content\/uploads\/2012\/06\/wj-kdf_013-300x188.jpg 300w, http:\/\/walter.jankuhn.2fix.de\/wp-content\/uploads\/2012\/06\/wj-kdf_013.jpg 636w\" sizes=\"auto, (max-width: 270px) 100vw, 270px\" \/><\/a><a href=\"http:\/\/walter.jankuhn.2fix.de\/wp-content\/uploads\/2012\/06\/wj-kdf_015.jpg\"><img loading=\"lazy\" decoding=\"async\" class=\"alignleft size-medium wp-image-441\" title=\"wj-kdf_015\" src=\"http:\/\/walter.jankuhn.2fix.de\/wp-content\/uploads\/2012\/06\/wj-kdf_015-300x200.jpg\" alt=\"\" width=\"300\" height=\"200\" srcset=\"http:\/\/walter.jankuhn.2fix.de\/wp-content\/uploads\/2012\/06\/wj-kdf_015-300x200.jpg 300w, http:\/\/walter.jankuhn.2fix.de\/wp-content\/uploads\/2012\/06\/wj-kdf_015.jpg 600w\" sizes=\"auto, (max-width: 300px) 100vw, 300px\" \/><\/a><a href=\"http:\/\/walter.jankuhn.2fix.de\/wp-content\/uploads\/2012\/06\/wj-kdf_009.jpg\"><img loading=\"lazy\" decoding=\"async\" class=\"alignleft size-medium wp-image-435\" title=\"wj-kdf_009\" src=\"http:\/\/walter.jankuhn.2fix.de\/wp-content\/uploads\/2012\/06\/wj-kdf_009-300x223.jpg\" alt=\"\" width=\"300\" height=\"223\" srcset=\"http:\/\/walter.jankuhn.2fix.de\/wp-content\/uploads\/2012\/06\/wj-kdf_009-300x223.jpg 300w, http:\/\/walter.jankuhn.2fix.de\/wp-content\/uploads\/2012\/06\/wj-kdf_009.jpg 536w\" sizes=\"auto, (max-width: 300px) 100vw, 300px\" \/><\/a>Hitler&#8217;s Propagandaminister &#8220;G\u00f6bbels&#8221; hat nat\u00fcrlich in den Kriegsjahren ab <strong>1939<\/strong> die deutschen K\u00fcnstler nach Bedarf f\u00fcr das Front-Theater eingespannt und hatte dazu ausreichend geeignete Lock- und Druck-mittel &#8211; die kein K\u00fcnstler abschlagen konnte &#8211; zumal lukrative Engagements mit zu- nehmender Kriegsdauer \u00a0immer weniger verf\u00fcgbar wurden.<\/p>\n<p>Au\u00dferdem gab es nat\u00fcrlich kaum ein dankbareres Publikum als &#8220;Frontsoldaten&#8221; &#8211; die Fern der Heimat ihr Leben riskieren sollten. Die wenigsten davon waren sich<br \/>\nwohl ihrer prek\u00e4ren Lage voll bewusst, \u00a0geschweige denn selbst f\u00fcr ihre Situation verantwortlich. Das allein war f\u00fcr die K\u00fcnstler-Ensembles Grund genug, den Soldaten an der Front &#8220;Momente&#8221; der Freude, der Hoffnung und sogar etwas Spa\u00df zu bescheren- &#8220;wenn auch nur f\u00fcr ein paar Stunden oder Minuten&#8221; &#8211; etwas Heimat-gef\u00fchl, Empathie ja sogar Ausgelassenheit sp\u00fcren zu lassen &#8211; f\u00fcr manche vielleicht zum letzten mal.<\/p>\n<p>Walter JANKUHN wurde mit einem kleinen Ensemble in dem auch seine Frau TUTTI<br \/>\nals T\u00e4nzerin mitwirkte mit &#8220;KRAFT durch FREUDE&#8221; nach <strong>Norwegen <\/strong>und bis nach<strong> Russland <\/strong>(&gt; Fotos) geschickt. Wie die Bilder zeigen, war die Tournee nicht ohne Zwischenf\u00e4lle, aber man versuchte aus<br \/>\njeder Situation das \u00a0Beste zu machen &#8211; und niemals den &#8220;Berliner Humor&#8221; zu verlieren &#8211; schlie\u00dflich war man ja Schauspieler! Und die Soldaten hatten niemals zuvor die Gelegen-heit, so hautnah Kontakt zu ihren beliebten K\u00fcnstlern aus Deutschland zu sp\u00fcren &#8211; was den Soldaten offensichtlich genauso viel Freude bereitete wie den K\u00fcnstlern. Da hat sich dann paradoxer Weise gezeigt: &#8220;Kultur&#8221; ist eben vor allem die Liebe von Menschen f\u00fcr Menschen- unabh\u00e4ngig von deren Zugeh\u00f6rigkeit zu einer Klasse oder Rasse (Musik bringt Menschen zusammen und vereint).<\/p>\n<p>Das hat sich \u00fcbrigens auch bei der Eroberung des Deutschen Reich`s gezeigt, als man zusammen mit den &#8220;<strong>Befreiern<\/strong>&#8221; musikalisch das Kreigsende zu besiegeln half und die Familie Walter JANKUHN daf\u00fcr beim R\u00fccktransport aus ihrem Kriegsversteck<strong style=\"line-height: 24px;\">\u00a0 \u00a0 \u00a0<\/strong>&#8220;Krausnick&#8221; ins befreite Berlin von den Siegerm\u00e4chten (Russen) verschont wurde und ein Klavier sowie ein paar Teppiche etc. vor der Beschlagnahmung auf den Lastwagen retten konnte!<\/p>\n<p><a href=\"http:\/\/walter.jankuhn.2fix.de\/wp-content\/uploads\/2012\/06\/wj-familie_014.jpg\"><img loading=\"lazy\" decoding=\"async\" class=\"size-medium wp-image-508 alignright\" title=\"wj-familie_014\" src=\"http:\/\/walter.jankuhn.2fix.de\/wp-content\/uploads\/2012\/06\/wj-familie_014-300x198.jpg\" alt=\"\" width=\"300\" height=\"198\" srcset=\"http:\/\/walter.jankuhn.2fix.de\/wp-content\/uploads\/2012\/06\/wj-familie_014-300x198.jpg 300w, http:\/\/walter.jankuhn.2fix.de\/wp-content\/uploads\/2012\/06\/wj-familie_014.jpg 606w\" sizes=\"auto, (max-width: 300px) 100vw, 300px\" \/><\/a><a href=\"http:\/\/walter.jankuhn.2fix.de\/wp-content\/uploads\/2012\/06\/wj-familie_011.jpg\"><img loading=\"lazy\" decoding=\"async\" class=\"size-medium wp-image-505 alignright\" title=\"wj-familie_011\" src=\"http:\/\/walter.jankuhn.2fix.de\/wp-content\/uploads\/2012\/06\/wj-familie_011-201x300.jpg\" alt=\"\" width=\"201\" height=\"300\" srcset=\"http:\/\/walter.jankuhn.2fix.de\/wp-content\/uploads\/2012\/06\/wj-familie_011-201x300.jpg 201w, http:\/\/walter.jankuhn.2fix.de\/wp-content\/uploads\/2012\/06\/wj-familie_011.jpg 268w\" sizes=\"auto, (max-width: 201px) 100vw, 201px\" \/><\/a><\/p>\n<p><strong>Foto:<\/strong><\/p>\n<p>Tutti Ahrens<br \/>\n(Jankuhn)<\/p>\n<p>&nbsp;<\/p>\n<p>&nbsp;<\/p>\n<p>&nbsp;<\/p>\n<p>&nbsp;<\/p>\n<p>&nbsp;<\/p>\n<p>In BERLIN-Stadt wurde noch bis kurz vor Kriegsende Musik gemacht &#8211; als w\u00e4re kaum etwas geschehen, siehe DOKU-Link (youtube-Video):<\/p>\n<p><iframe loading=\"lazy\" title=\"Musikstadt Berlin:  1942\/44 footage with Karl B\u00f6hm.\" width=\"640\" height=\"480\" src=\"https:\/\/www.youtube.com\/embed\/dv0mYFA_qFc?feature=oembed\" frameborder=\"0\" allow=\"accelerometer; autoplay; clipboard-write; encrypted-media; gyroscope; picture-in-picture; web-share\" referrerpolicy=\"strict-origin-when-cross-origin\" allowfullscreen><\/iframe><\/p>\n<p>&nbsp;<\/p>\n","protected":false},"excerpt":{"rendered":"<p>BERLINER\u00a0Operette im 2. Weltkrieg &#8211; dieses Thema schlie\u00dft sich eigentlich von selbst aus, w\u00fcrde man meinen?! Zun\u00e4chst aber merkte das Publikum in Berlin von Kriegswirren &#8220;au\u00dferhalb des Landes&#8221; wenig, die &#8220;Theaterlust&#8221; hatte trotz einiger Widrigkeiten &#8211; Hochkonjunktur. Anfangs ver\u00e4nderten sich &hellip; <a href=\"http:\/\/walter.jankuhn.2fix.de\/?page_id=187\">Continue reading <span class=\"meta-nav\">&rarr;<\/span><\/a><\/p>\n","protected":false},"author":1,"featured_media":0,"parent":135,"menu_order":5,"comment_status":"open","ping_status":"open","template":"","meta":{"footnotes":""},"class_list":["post-187","page","type-page","status-publish","hentry"],"_links":{"self":[{"href":"http:\/\/walter.jankuhn.2fix.de\/index.php?rest_route=\/wp\/v2\/pages\/187","targetHints":{"allow":["GET"]}}],"collection":[{"href":"http:\/\/walter.jankuhn.2fix.de\/index.php?rest_route=\/wp\/v2\/pages"}],"about":[{"href":"http:\/\/walter.jankuhn.2fix.de\/index.php?rest_route=\/wp\/v2\/types\/page"}],"author":[{"embeddable":true,"href":"http:\/\/walter.jankuhn.2fix.de\/index.php?rest_route=\/wp\/v2\/users\/1"}],"replies":[{"embeddable":true,"href":"http:\/\/walter.jankuhn.2fix.de\/index.php?rest_route=%2Fwp%2Fv2%2Fcomments&post=187"}],"version-history":[{"count":103,"href":"http:\/\/walter.jankuhn.2fix.de\/index.php?rest_route=\/wp\/v2\/pages\/187\/revisions"}],"predecessor-version":[{"id":3724,"href":"http:\/\/walter.jankuhn.2fix.de\/index.php?rest_route=\/wp\/v2\/pages\/187\/revisions\/3724"}],"up":[{"embeddable":true,"href":"http:\/\/walter.jankuhn.2fix.de\/index.php?rest_route=\/wp\/v2\/pages\/135"}],"wp:attachment":[{"href":"http:\/\/walter.jankuhn.2fix.de\/index.php?rest_route=%2Fwp%2Fv2%2Fmedia&parent=187"}],"curies":[{"name":"wp","href":"https:\/\/api.w.org\/{rel}","templated":true}]}}