{"id":168,"date":"2012-06-12T12:08:42","date_gmt":"2012-06-12T12:08:42","guid":{"rendered":"http:\/\/walter.jankuhn.2fix.de\/?page_id=168"},"modified":"2013-02-15T12:23:24","modified_gmt":"2013-02-15T12:23:24","slug":"marquise-v-pompadour-film-31","status":"publish","type":"page","link":"http:\/\/walter.jankuhn.2fix.de\/?page_id=168","title":{"rendered":"Marquise von Pompadour \/30"},"content":{"rendered":"<p><a href=\"http:\/\/walter.jankuhn.2fix.de\/wp-content\/uploads\/2012\/06\/wj-operette_001.jpg\"><img loading=\"lazy\" decoding=\"async\" class=\"alignleft size-full wp-image-413\" title=\"wj-operette_001\" src=\"http:\/\/walter.jankuhn.2fix.de\/wp-content\/uploads\/2012\/06\/wj-operette_001.jpg\" alt=\"\" width=\"236\" height=\"320\" srcset=\"http:\/\/walter.jankuhn.2fix.de\/wp-content\/uploads\/2012\/06\/wj-operette_001.jpg 295w, http:\/\/walter.jankuhn.2fix.de\/wp-content\/uploads\/2012\/06\/wj-operette_001-221x300.jpg 221w\" sizes=\"auto, (max-width: 236px) 100vw, 236px\" \/><\/a>Vier Jahre nach dem durchschlagenden Erfolg der CHARELL-Operetteninszenierung von Leo FALL&#8217;s &#8220;Madame Pompadour&#8221;\/<strong>1927 <\/strong>mit &#8220;Fritzi Massary&#8221; und &#8220;Walter Jankuhn&#8221; in den Hauptrollen entstand in einer Deutsch-Amerikanischen Co-Produktion der Tonfilm <strong>&#8220;Marquise von Pompadour&#8221;.<\/strong><\/p>\n<p>Filmischer Vorreiter war <strong>1919 Ernst LUBITSCH<\/strong> mit seinem ersten international erfolgreichen deutschen Stummfilm &#8220;Madame Dubarry&#8221; mit dem genialen &#8220;Emil JANNINGS&#8221; und &#8220;Pola NEGRI&#8221; in den Hauptrollen &#8211; auch eine Sensation am Broadway!<\/p>\n<p>Diese erste Tonfilm-Operette zum Thema \u00a0<strong>Marquise von\u00a0Pompadour\/193o<\/strong> ist aber weder ein Spielfilm noch die &#8220;Leo Fall&#8221;- Operette, sondern von &#8220;Willi Wolff&#8221; und &#8220;Hans Rameau&#8221; erdacht mit Text von &#8220;Fritz Rotter&#8221;und mit der Musik von &#8220;Eduard K\u00fcnnecke&#8221;, &#8220;Rudolf Nelson&#8221; und &#8220;Robert Stolz&#8221; in Szene gesetzt (DSL Deutsches Lichtspiel Syndikat). &#8220;Jankuhn&#8221; kann man fast als Pionier der Tonfilm-Operette bezeichnen, hatte er doch 1930 auch noch seine eigene Produktion &#8220;St\u00fcrmisch die Nacht&#8221; in einem <strong>konkurrierenden Ton-Verfahren<\/strong> ausprobiert und in die Kinos gebracht (&gt; St\u00fcrmisch die Nacht).<\/p>\n<p><a href=\"http:\/\/walter.jankuhn.2fix.de\/wp-content\/uploads\/2013\/01\/DSCF0098.jpg\"><img loading=\"lazy\" decoding=\"async\" class=\"aligncenter size-large wp-image-2970\" title=\"DSCF0098\" src=\"http:\/\/walter.jankuhn.2fix.de\/wp-content\/uploads\/2013\/01\/DSCF0098-1024x768.jpg\" alt=\"\" width=\"640\" height=\"480\" srcset=\"http:\/\/walter.jankuhn.2fix.de\/wp-content\/uploads\/2013\/01\/DSCF0098-1024x768.jpg 1024w, http:\/\/walter.jankuhn.2fix.de\/wp-content\/uploads\/2013\/01\/DSCF0098-300x225.jpg 300w, http:\/\/walter.jankuhn.2fix.de\/wp-content\/uploads\/2013\/01\/DSCF0098.jpg 1280w\" sizes=\"auto, (max-width: 640px) 100vw, 640px\" \/><\/a><\/p>\n<p>Bei der Besetzung der Filmrollen konnte &#8220;Walter JANKUHN&#8221; noch vom Image-Transfer und der Erfahrung aus der Operettenproduktion profitieren. &#8220;Walter JANKUHN&#8221; \u00fcbernahm die Rolle des <em>Gaston de Meville,<\/em>\u00a0neben den beiden Operettenstars &#8220;Anny AHLERS&#8221; (<em>Marquise<\/em>) und &#8220;Irene AMBRUS&#8221; (<em>Vorleserin Madeleine Biron<\/em>). In der Rolle des &#8220;<em>K\u00f6nig Ludwigs XV&#8221;<\/em>\u00a0wirkte der bekannte Schauspieler &#8220;Kurt GERRON&#8221;. Weitere prominente Schauspieler waren &#8220;Wilhelm Bendow, Max Ehrlich, Ida W\u00fcst &#8221; u.v.m. Intention der Filmemacher war es einen Musikfilm und keinen History-Spielfilm zu drehen &#8211; daf\u00fcr spricht das Engagement der Gesangs-Stars und die pomp\u00f6se Revueausstattung des Films!! Das Publikum war von dieser Umsetzung \u00a0angetan und spendete dem Film reichlich Beifall. (Nebenbermerkung: Die h\u00fcbsche Anny AHLERS ist schon 2 Jahre sp\u00e4ter, \u00a0mit 26 Jahren mysteri\u00f6s durch einen Sturz vom Balkon in London um\u00b4s Leben gekommen &#8211; bei ihr wurde TBC festgestellt.)<\/p>\n<p><a href=\"http:\/\/walter.jankuhn.2fix.de\/wp-content\/uploads\/2012\/07\/marquise-prosp.jpg\"><img loading=\"lazy\" decoding=\"async\" class=\"alignright size-medium wp-image-1115\" title=\"marquise-prosp\" src=\"http:\/\/walter.jankuhn.2fix.de\/wp-content\/uploads\/2012\/07\/marquise-prosp-234x300.jpg\" alt=\"\" width=\"234\" height=\"300\" srcset=\"http:\/\/walter.jankuhn.2fix.de\/wp-content\/uploads\/2012\/07\/marquise-prosp-234x300.jpg 234w, http:\/\/walter.jankuhn.2fix.de\/wp-content\/uploads\/2012\/07\/marquise-prosp.jpg 626w\" sizes=\"auto, (max-width: 234px) 100vw, 234px\" \/><\/a>Technisch bemerkenswert ist &#8211; dieser Tonfilm lief bereits im TOBIS Tonverfahren &#8211; und wurde mit englischen Untertiteln auch in USA vertrieben. Die &#8220;NEW YORK TIMES\/Hall Erickson bemerkte dazu:<\/p>\n<p><strong><em>&#8220;Anny AHLERS&#8221; stars as the notorious 18th century courtesan Madame Pompadour, here &#8220;Germanized&#8221; as the Marquise von Pompadour. Once she&#8217;s presented at the Court of Versailles, Pompadour twists French King Louis VX (Kurt Gerron) around her little finger, all the while setting fashion standards for the aristokracy. She compromises her status with the king when she falls in love with Gaston de Meville &#8220;Walter JANKUHN&#8221;, the mischievous composer of anti-royalist poems. The typically Germanic emphasis on the corruption and debauchery of the French nobility tends to weight down the sparkling musical score. Conversely, the stagey direction of Dr. Willi Wolff actually adds to the film&#8217;s charm.<\/em><\/strong><\/p>\n<p>Siehe Pressetext (mit Namens-Fehler! &#8220;Willi&#8221; statt Walter Jankuhn):<a href=\"http:\/\/walter.jankuhn.2fix.de\/wp-content\/uploads\/2012\/06\/wj-operette_013.jpg\"><img loading=\"lazy\" decoding=\"async\" class=\"alignright size-medium wp-image-378\" title=\"wj-operette_013\" src=\"http:\/\/walter.jankuhn.2fix.de\/wp-content\/uploads\/2012\/06\/wj-operette_013-220x300.jpg\" alt=\"\" width=\"198\" height=\"270\" srcset=\"http:\/\/walter.jankuhn.2fix.de\/wp-content\/uploads\/2012\/06\/wj-operette_013-220x300.jpg 220w, http:\/\/walter.jankuhn.2fix.de\/wp-content\/uploads\/2012\/06\/wj-operette_013.jpg 294w\" sizes=\"auto, (max-width: 198px) 100vw, 198px\" \/><\/a><a href=\"http:\/\/walter.jankuhn.2fix.de\/wp-content\/uploads\/2012\/07\/pompadour-film1.jpg\"><img loading=\"lazy\" decoding=\"async\" class=\"alignleft size-full wp-image-1070\" title=\"pompadour-film\" src=\"http:\/\/walter.jankuhn.2fix.de\/wp-content\/uploads\/2012\/07\/pompadour-film1.jpg\" alt=\"\" width=\"378\" height=\"640\" srcset=\"http:\/\/walter.jankuhn.2fix.de\/wp-content\/uploads\/2012\/07\/pompadour-film1.jpg 378w, http:\/\/walter.jankuhn.2fix.de\/wp-content\/uploads\/2012\/07\/pompadour-film1-177x300.jpg 177w\" sizes=\"auto, (max-width: 378px) 100vw, 378px\" \/><\/a><\/p>\n<p>Ein Kritiker vom &#8220;B\u00f6rsen Courier&#8221; bem\u00e4ngelte dagegen: zuviel Pomp, zuviel gefilmtes Theater, historisch ungenau! &#8220;Anny AHLERS&#8221; reiche nicht ans Format einer &#8220;Massary&#8221; &#8230; und &#8220;Walter JANKUHN&#8221; war ihm in der m\u00e4nnlichen Hauptrolle zu sehr typischer Operettenheld und weniger Filmdarsteller. (Allerdings war das genau seine Rolle: Operettenheld)! Die Mehr-zahl der Presse-Leute zeigte dagegen mehr Sympathie f\u00fcr die Film-Operette in der Form des Singspiels.<\/p>\n<p><a href=\"http:\/\/walter.jankuhn.2fix.de\/wp-content\/uploads\/2013\/01\/DSCF0107.jpg\"><img loading=\"lazy\" decoding=\"async\" class=\"alignleft size-medium wp-image-3019\" title=\"DSCF0107\" src=\"http:\/\/walter.jankuhn.2fix.de\/wp-content\/uploads\/2013\/01\/DSCF0107-300x225.jpg\" alt=\"\" width=\"300\" height=\"225\" srcset=\"http:\/\/walter.jankuhn.2fix.de\/wp-content\/uploads\/2013\/01\/DSCF0107-300x225.jpg 300w, http:\/\/walter.jankuhn.2fix.de\/wp-content\/uploads\/2013\/01\/DSCF0107-1024x768.jpg 1024w, http:\/\/walter.jankuhn.2fix.de\/wp-content\/uploads\/2013\/01\/DSCF0107.jpg 1280w\" sizes=\"auto, (max-width: 300px) 100vw, 300px\" \/><\/a><\/p>\n<p>Mit Sicherheit wurde der Film nicht f\u00fcr Kritiker + Historiker gemacht, sondern f\u00fcr ein breites musik-affines Operetten-Publikum &#8211; aber auch, um schnell Kasse zu machen &#8211; gleichzeitig in Deutschland + den USA. F\u00fcr die Amerikaner waren die deutschen Interpreten nat\u00fcrlich absolutes Neuland (mit Untertiteln). Deshalb ging die Rechnung wohl auch nicht \u00fcberall ganz auf &#8211; aber in der Pionierzeit des Tonfilms traten auch die Widerspr\u00fcchlichkeiten zwischen Kapitalinteressen und K\u00fcnstlern krasser zutage. Interessant, was die THE NEW YORK TIMES (H.T.S) zu der Filmvorstellung &#8220;6 Jahre&#8221; nach Erstver\u00f6ffentlichung dieses Pionier-Tonfilms mit engl. Untertiteln meinte: <strong>&#8220;Febr. 3. 1936 <\/strong>&#8211; at the 86 Street Casino<em><strong>: If &#8220;Die Marquise von Pompadour&#8221; had been rushed over here from Berlin five years ago when it first was produced, it might have passed as a pretty fair sample of how German film makers were adapting themselves to the new-angled &#8220;talkies&#8221;. As it is, the current importation at the 86 Street Casino Th., despite having been remade and strengthened by the sub-stitution of a number of excellent Teuton actors for some of those in the original cast, is merely a photo-graphed operetta, with most of the music omitted. The players do the best they can with the material, but her handi-capped by \u00a0the director`s occasional attempts to be serious with the picture that should have adherd to a comedy note throughout. Some of the scenes in the Franch court of the middle of the 18th century are interesting and Anny Ahlers is an animated and attractive Pompadour.<\/strong><\/em><\/p>\n<p><em><strong><a href=\"http:\/\/walter.jankuhn.2fix.de\/wp-content\/uploads\/2013\/01\/DSCF0113.jpg\"><img loading=\"lazy\" decoding=\"async\" class=\"alignleft  wp-image-3013\" title=\"DSCF0113\" src=\"http:\/\/walter.jankuhn.2fix.de\/wp-content\/uploads\/2013\/01\/DSCF0113-300x225.jpg\" alt=\"\" width=\"270\" height=\"203\" srcset=\"http:\/\/walter.jankuhn.2fix.de\/wp-content\/uploads\/2013\/01\/DSCF0113-300x225.jpg 300w, http:\/\/walter.jankuhn.2fix.de\/wp-content\/uploads\/2013\/01\/DSCF0113-1024x768.jpg 1024w, http:\/\/walter.jankuhn.2fix.de\/wp-content\/uploads\/2013\/01\/DSCF0113.jpg 1280w\" sizes=\"auto, (max-width: 270px) 100vw, 270px\" \/><\/a><\/strong><\/em><\/p>\n<p><a href=\"http:\/\/walter.jankuhn.2fix.de\/wp-content\/uploads\/2013\/01\/DSCF0112.jpg\"><img loading=\"lazy\" decoding=\"async\" class=\"alignleft size-medium wp-image-3024\" title=\"DSCF0112\" src=\"http:\/\/walter.jankuhn.2fix.de\/wp-content\/uploads\/2013\/01\/DSCF0112-300x225.jpg\" alt=\"\" width=\"300\" height=\"225\" srcset=\"http:\/\/walter.jankuhn.2fix.de\/wp-content\/uploads\/2013\/01\/DSCF0112-300x225.jpg 300w, http:\/\/walter.jankuhn.2fix.de\/wp-content\/uploads\/2013\/01\/DSCF0112-1024x768.jpg 1024w, http:\/\/walter.jankuhn.2fix.de\/wp-content\/uploads\/2013\/01\/DSCF0112.jpg 1280w\" sizes=\"auto, (max-width: 300px) 100vw, 300px\" \/><\/a><\/p>\n<p>&nbsp;<\/p>\n<p>&nbsp;<\/p>\n<p>&nbsp;<\/p>\n<p>&nbsp;<\/p>\n<p>&nbsp;<\/p>\n<p>&nbsp;<\/p>\n<p>FOTO: links und rechts &#8220;Kurt Gerron&#8221; als K\u00f6nig Ludwig.<\/p>\n<p>Die reale Geschichte der b\u00fcrgerlichen M\u00e4tresse und Sexbombe am Hofe K\u00f6nig Ludwig XV. ist jedenfalls zeitlos aktuell. Kein Wunder also das dieses Thema <strong>1934<\/strong>\u00a0wieder und auch in den Folgejahren immer wieder neu verfilmt wurde. Von diesem <strong>1930 <\/strong>in Deutschland gedrehten Pompadour-Operetten-Film, ist aber bisher keine Film-Kopie mehr gefunden worden &#8211; <strong>HELP<\/strong> ?!<\/p>\n<p>Wie aktuell das Thema auch heutzutage ist, zeigt der Trailer der Neuverfilmung von <strong>2006<\/strong> &#8220;Marie Antoinette&#8221;:<\/p>\n<p><iframe loading=\"lazy\" title=\"Marie Antoinette\" width=\"640\" height=\"480\" src=\"https:\/\/www.youtube.com\/embed\/eNfpLu7mQrw?feature=oembed\" frameborder=\"0\" allow=\"accelerometer; autoplay; clipboard-write; encrypted-media; gyroscope; picture-in-picture; web-share\" referrerpolicy=\"strict-origin-when-cross-origin\" allowfullscreen><\/iframe><\/p>\n","protected":false},"excerpt":{"rendered":"<p>Vier Jahre nach dem durchschlagenden Erfolg der CHARELL-Operetteninszenierung von Leo FALL&#8217;s &#8220;Madame Pompadour&#8221;\/1927 mit &#8220;Fritzi Massary&#8221; und &#8220;Walter Jankuhn&#8221; in den Hauptrollen entstand in einer Deutsch-Amerikanischen Co-Produktion der Tonfilm &#8220;Marquise von Pompadour&#8221;. Filmischer Vorreiter war 1919 Ernst LUBITSCH mit seinem &hellip; <a href=\"http:\/\/walter.jankuhn.2fix.de\/?page_id=168\">Continue reading <span class=\"meta-nav\">&rarr;<\/span><\/a><\/p>\n","protected":false},"author":1,"featured_media":0,"parent":127,"menu_order":3,"comment_status":"open","ping_status":"open","template":"","meta":{"footnotes":""},"class_list":["post-168","page","type-page","status-publish","hentry"],"_links":{"self":[{"href":"http:\/\/walter.jankuhn.2fix.de\/index.php?rest_route=\/wp\/v2\/pages\/168","targetHints":{"allow":["GET"]}}],"collection":[{"href":"http:\/\/walter.jankuhn.2fix.de\/index.php?rest_route=\/wp\/v2\/pages"}],"about":[{"href":"http:\/\/walter.jankuhn.2fix.de\/index.php?rest_route=\/wp\/v2\/types\/page"}],"author":[{"embeddable":true,"href":"http:\/\/walter.jankuhn.2fix.de\/index.php?rest_route=\/wp\/v2\/users\/1"}],"replies":[{"embeddable":true,"href":"http:\/\/walter.jankuhn.2fix.de\/index.php?rest_route=%2Fwp%2Fv2%2Fcomments&post=168"}],"version-history":[{"count":60,"href":"http:\/\/walter.jankuhn.2fix.de\/index.php?rest_route=\/wp\/v2\/pages\/168\/revisions"}],"predecessor-version":[{"id":3501,"href":"http:\/\/walter.jankuhn.2fix.de\/index.php?rest_route=\/wp\/v2\/pages\/168\/revisions\/3501"}],"up":[{"embeddable":true,"href":"http:\/\/walter.jankuhn.2fix.de\/index.php?rest_route=\/wp\/v2\/pages\/127"}],"wp:attachment":[{"href":"http:\/\/walter.jankuhn.2fix.de\/index.php?rest_route=%2Fwp%2Fv2%2Fmedia&parent=168"}],"curies":[{"name":"wp","href":"https:\/\/api.w.org\/{rel}","templated":true}]}}