{"id":160,"date":"2012-06-12T14:27:08","date_gmt":"2012-06-12T14:27:08","guid":{"rendered":"http:\/\/walter.jankuhn.2fix.de\/?page_id=160"},"modified":"2013-04-08T09:49:14","modified_gmt":"2013-04-08T09:49:14","slug":"clivia","status":"publish","type":"page","link":"http:\/\/walter.jankuhn.2fix.de\/?page_id=160","title":{"rendered":"CLIVIA Premiere\/33"},"content":{"rendered":"<p><a href=\"http:\/\/walter.jankuhn.2fix.de\/wp-content\/uploads\/2012\/07\/Clivia-Anzeige.jpg\"><img loading=\"lazy\" decoding=\"async\" class=\"alignleft size-full wp-image-1046\" title=\"Clivia-Anzeige\" src=\"http:\/\/walter.jankuhn.2fix.de\/wp-content\/uploads\/2012\/07\/Clivia-Anzeige.jpg\" alt=\"\" width=\"266\" height=\"320\" srcset=\"http:\/\/walter.jankuhn.2fix.de\/wp-content\/uploads\/2012\/07\/Clivia-Anzeige.jpg 266w, http:\/\/walter.jankuhn.2fix.de\/wp-content\/uploads\/2012\/07\/Clivia-Anzeige-249x300.jpg 249w\" sizes=\"auto, (max-width: 266px) 100vw, 266px\" \/><\/a>Im historischen R\u00fcckblick betrachtet, war die\u00a0<strong>Welt-Urauff\u00fchrung<\/strong> der Operette &#8220;<strong>CLIVIA&#8221;<\/strong> von <strong>Nico DOSTAL<\/strong> der gro\u00dfe Druchbruch f\u00fcr diesen neuen Operetten-Komponist aus \u00d6sterreich! F\u00fcr Walter JANKUHN, war es das Glanzst\u00fcck seiner T\u00e4tigkeit als Direktor des Nollendorf-Theater, Berlin &#8211; und gleichzeitig ein \u00fcberragender Erfolg in der Hauptrolle als Tenor neben Lilli CLAUS. Dabei riskierte Walter JANKUHN viel Geld, denn er finanzierte die Produktion &#8211; es handelte sich n\u00e4mlich keineswegs um eine subventionierte KDF-Produktion &#8211; wie f\u00e4lschlich in manchen Medien verbreitet.<\/p>\n<p>Der in Berlin noch wenig popul\u00e4re Komponist &#8220;Nico DOSTAL&#8221; bem\u00fchte sich schon l\u00e4nger um einen wirklich durchschlagenden Operettenerfolg. Die Welturauff\u00fchrung seiner neuen Operette CLIVIA fand unter seiner pers\u00f6nlichen Leitung statt. Die m\u00e4nnliche Hauptrolle neben Partnerin &#8220;Lilli CLAUS &#8221; (v. d. Staatsoper Wien), \u00a0\u00fcbernahm Tenorist &#8220;Walter JANKUHN &#8221; himself (als <em>Juan<\/em>). In weiteren prominenten Rollen agierten: &#8220;Erik ODE&#8221; mit &#8220;Lill SWEET&#8221; und der Schauspieler &#8220;Julius BRANDT &#8220;. Die Premiere am <strong>23.12.1933<\/strong> war ein \u00fcberw\u00e4ltigendes Ereignis f\u00fcr das Nollendorf-Theater, den Direktor und Tenorist Walter JANKUHN und das ganze Ensemble &#8211; insbesondere aber den Komponisten Nico DOSTAL, der \u00fcbrigens Lilli CLAUS sp\u00e4ter ehelichte. Die Presse schrieb K.S.:<\/p>\n<p><strong><em>Der Erfolg !! &#8211; so steht es in der gesamten Tagespresse. Mit Recht, denn Direktor &#8220;<\/em>Walter Jankuhn<em>&#8221; hat sein Ensemble, das nunmehr mit pr\u00e4chtiger Laune und unverminderter Spielfreudigkeit bereits munter der 50. Auf-f\u00fchrung entgegensteuert, so wundervoll in der Hand, da\u00df man ihn ob dieser Erfolgsleistung aufrichtig begl\u00fcckw\u00fcnschen kann&#8230;&#8221;<\/em><\/strong><\/p>\n<p style=\"text-align: left;\"><strong><em><a href=\"http:\/\/walter.jankuhn.2fix.de\/wp-content\/uploads\/2012\/11\/clivia-ztg.jpg\"><img loading=\"lazy\" decoding=\"async\" class=\"size-full wp-image-1911 aligncenter\" title=\"clivia-ztg\" src=\"http:\/\/walter.jankuhn.2fix.de\/wp-content\/uploads\/2012\/11\/clivia-ztg.jpg\" alt=\"\" width=\"500\" height=\"357\" srcset=\"http:\/\/walter.jankuhn.2fix.de\/wp-content\/uploads\/2012\/11\/clivia-ztg.jpg 500w, http:\/\/walter.jankuhn.2fix.de\/wp-content\/uploads\/2012\/11\/clivia-ztg-300x214.jpg 300w\" sizes=\"auto, (max-width: 500px) 100vw, 500px\" \/><\/a>&#8220;<\/em>Lilli Claus<em>&#8221; faszinierte mit dem Lied: &#8220;<\/em><em>ich bin verliebt<\/em><em>&#8220;, &#8220;<\/em>Lill Sweet<em>&#8221; und<br \/>\nder \u00a0blutjunge &#8220;<\/em>Erik Ode<em>&#8221; mu\u00dften Ihre Duette unerm\u00fcdlich wiederholen. &#8220;<\/em>Walter Jankuhn<em>&#8221; sah nicht nur blendend aus, sein &#8220;<\/em>Juan&#8221;<em> war auch eine schauspielerische Leistung &#8220;<\/em><\/strong><\/p>\n<p>Diese seinerzeit moderne Operette setzte dem Zeitgeist entsprechend nicht mehr auf die alte Walzerseligkeit oder die pomp\u00f6se Gro\u00df-Revue, sondern mehr Spiel-Operette mit Handlung und neuen Rhytmen. Kurzstory: Es drehte sich um einen revolution\u00e4ren Putsch in S\u00fcdamerika und die Geschichte einer ber\u00fchmten Schauspielerin namens CLIVIA, die mit ihrem Filmteam und Sponsor genannt &#8220;<em>Pottermann&#8221;<\/em> in dem fiktiven Staat &#8220;<em>Boliguay<\/em>&#8221; einreisen will &#8211; um einen Film zu drehen. Wegen Einreiseverbot muss CLIVIA eine Papier-Ehe mit dem einheimischen &#8220;<em>Juan Damigo&#8221;<\/em> (Walter Jankuhn) schlie\u00dfen, in den Sie sich letztendlich verliebt &#8230; &#8211;<strong> Mir ist nicht ganz geheuer vor Deinem Abenteuer<\/strong> &#8211; hei\u00dft dementsprechend dann auch der Hauptschlager! (Texte: Charles AMBERG). Nicht unerw\u00e4hnt darf bleiben, da\u00df Direktor JANKUHN dem bew\u00e4hrten &#8220;Heinz LINGEN&#8221; die Regie f\u00fcr diese Operette anvertraute.<\/p>\n<p>Zu erw\u00e4hnen w\u00e4re noch, das &#8220;Karl Anton&#8221; <strong>1954<\/strong> diesen Stoff, allerdings mit m\u00e4\u00dfigem Erfolg und nat\u00fcrlich anderer Besetzung (Jankuhn verstarb 1953) verfilmt hat.<\/p>\n<p><a href=\"http:\/\/walter.jankuhn.2fix.de\/wp-content\/uploads\/2012\/06\/wj-Heft_017_03_Nollend_Clivia.jpg\"><img loading=\"lazy\" decoding=\"async\" class=\"alignleft size-full wp-image-476\" title=\"wj-Heft_017_03_Nollend_Clivia\" src=\"http:\/\/walter.jankuhn.2fix.de\/wp-content\/uploads\/2012\/06\/wj-Heft_017_03_Nollend_Clivia.jpg\" alt=\"\" width=\"339\" height=\"500\" srcset=\"http:\/\/walter.jankuhn.2fix.de\/wp-content\/uploads\/2012\/06\/wj-Heft_017_03_Nollend_Clivia.jpg 339w, http:\/\/walter.jankuhn.2fix.de\/wp-content\/uploads\/2012\/06\/wj-Heft_017_03_Nollend_Clivia-203x300.jpg 203w\" sizes=\"auto, (max-width: 339px) 100vw, 339px\" \/><\/a><a href=\"http:\/\/walter.jankuhn.2fix.de\/wp-content\/uploads\/2012\/06\/wj-Heft_017_04_Nollend_Clivia.jpg\"><img loading=\"lazy\" decoding=\"async\" class=\"alignleft size-full wp-image-477\" title=\"wj-Heft_017_04_Nollend_Clivia\" src=\"http:\/\/walter.jankuhn.2fix.de\/wp-content\/uploads\/2012\/06\/wj-Heft_017_04_Nollend_Clivia.jpg\" alt=\"\" width=\"339\" height=\"500\" srcset=\"http:\/\/walter.jankuhn.2fix.de\/wp-content\/uploads\/2012\/06\/wj-Heft_017_04_Nollend_Clivia.jpg 339w, http:\/\/walter.jankuhn.2fix.de\/wp-content\/uploads\/2012\/06\/wj-Heft_017_04_Nollend_Clivia-203x300.jpg 203w\" sizes=\"auto, (max-width: 339px) 100vw, 339px\" \/><\/a><a href=\"http:\/\/walter.jankuhn.2fix.de\/wp-content\/uploads\/2012\/06\/wj-Heft_017_09_Nollend_Clivia.jpg\"><img loading=\"lazy\" decoding=\"async\" class=\"alignleft size-full wp-image-471\" title=\"wj-Heft_017_09_Nollend_Clivia\" src=\"http:\/\/walter.jankuhn.2fix.de\/wp-content\/uploads\/2012\/06\/wj-Heft_017_09_Nollend_Clivia.jpg\" alt=\"\" width=\"339\" height=\"500\" srcset=\"http:\/\/walter.jankuhn.2fix.de\/wp-content\/uploads\/2012\/06\/wj-Heft_017_09_Nollend_Clivia.jpg 339w, http:\/\/walter.jankuhn.2fix.de\/wp-content\/uploads\/2012\/06\/wj-Heft_017_09_Nollend_Clivia-203x300.jpg 203w\" sizes=\"auto, (max-width: 339px) 100vw, 339px\" \/><\/a>Was viele nicht wissen: Herr <strong>Direktor <\/strong>&#8220;<strong>JANKUHN<\/strong>&#8221; hatte keine M\u00fchen und Investitionen gescheut, um mit dem Werk einen Volltreffer zu landen, aber als Mitgift vom Verlag eine Beteiligung von <strong>20.000<\/strong> Reichsmark verlangt. Daraufhin wurde zun\u00e4chst der Verle-ger gewechselt um daf\u00fcr die Haftung zu \u00fcbernehmen. Leider blieb aber auch das bis heute ein leeres Versprechen!<\/p>\n<p>Private Theater wurden vom NS- Regime nicht subventioniert &#8211; erst recht nicht wenn auch &#8220;Juden&#8221; an der Produktion beteiligt waren (wie hier die Herren\u00a0<em>Maregg + der <\/em>Verleger &#8220;<em>Wesly + <\/em> <em>Arent Oser&#8221;<\/em>). Davon lie\u00df sich Direktor &#8220;JANKUHN&#8221; dennoch nicht beirren<span style=\"color: #000000;\">. Es best\u00e4tigte sich aber:<\/span><\/p>\n<p>Finanziell war der Erfolg ein Debakel. Zitat:<\/p>\n<p><strong><em>&#8220;mir blieb nur der k\u00fcnstlerische Erfolg, den finanziellen durften andere f\u00fcr sich verbuchen.&#8221;<\/em><\/strong><\/p>\n<p>Das war auch der Grund, warum &#8220;Walter JANKUHN&#8221; trotz seiner Erfolge \u00a0am Nollendorf-Theater, das Experiment als Direktor&#8221; nach weniger als\u00a02 Jahren aufk\u00fcndigte. Dazu kam wohl auch die b\u00f6se Vorahnung auf eine Zuspitzung der politschen Situation im Deutschen Reich. \u00a0Jedenfalls verlie\u00df &#8220;Walter JANKUHN&#8221; einige Jahre sp\u00e4ter Berlin in Richtung \u00d6sterreich. Nach dem Anschluss von \u00d6sterreich an das Deutsche Reich, war es ohnehin m\u00f6glich dort kaum behindert Theater zu spielen. Au\u00dferdem war es eine Gelegenheit etwa zu bef\u00fcrchtende Kriegsdrohungen, die besonders in der Hauptstadt Berlin sp\u00fchrbar sein w\u00fcrden, etwas auszuweichen.<\/p>\n<p>&#8220;Walter JANKUHN&#8221; nutzte diesen Karriere-Ausflug in die \u00f6sterreichi-schen Berge aber auch, um nochmal zu heiraten. In Innsbruck schloss Walter JANKUHN <strong>1938 <\/strong>die Ehe mit Tutti (Gertrud Ahrens) &#8211; T\u00e4nzerin von der CARISE-Revue aus Berlin. Er nahm also gl\u00fccklich und frisch verheiratet gerne eine neue Verpflichtung ans <strong>Landestheater Innsbruck<\/strong> in der Doppelfunktion als Spielleiter und Tenorist an. Vielleicht war es ja der \u00f6sterreichische Komponist Nico DOSTAL der Lilli CLAUS ehelichte, Walter JANKUHN&#8217;s Partnerin aus der Operette CLIVIA, welcher auch ihn zu seiner neuen Liebes-Hochzeit in der idyllischen \u00f6sterreichischen Bergwelt motivierte? \u00a0(&gt;\u00a0<em>Kapitel; Austria<\/em>)<\/p>\n<p>&nbsp;<\/p>\n<p><a href=\"http:\/\/walter.jankuhn.2fix.de\/wp-content\/uploads\/2012\/07\/clivia-gross-ztg.jpg\"><img loading=\"lazy\" decoding=\"async\" class=\"aligncenter size-full wp-image-1148\" title=\"clivia-gross-ztg\" src=\"http:\/\/walter.jankuhn.2fix.de\/wp-content\/uploads\/2012\/07\/clivia-gross-ztg.jpg\" alt=\"\" width=\"699\" height=\"1024\" srcset=\"http:\/\/walter.jankuhn.2fix.de\/wp-content\/uploads\/2012\/07\/clivia-gross-ztg.jpg 699w, http:\/\/walter.jankuhn.2fix.de\/wp-content\/uploads\/2012\/07\/clivia-gross-ztg-204x300.jpg 204w\" sizes=\"auto, (max-width: 699px) 100vw, 699px\" \/><\/a><\/p>\n<p>Leider gibt es keine Tonaufnahmen aus der CLIVIA Auff\u00fchrung mit &#8220;Walter Jankuhn&#8221; und &#8220;Lilli Claus&#8221;. In Ermangelung dergleichen hier eine sch\u00f6ne Interpretation von Annelise ROTHENBERGER aus Youtube:<\/p>\n<p><iframe loading=\"lazy\" title=\"Nico Dostal - Ich bin verliebt (Clivia) ... Anneliese Rothenberger\" width=\"640\" height=\"480\" src=\"https:\/\/www.youtube.com\/embed\/eiyRtnIgLhA?feature=oembed\" frameborder=\"0\" allow=\"accelerometer; autoplay; clipboard-write; encrypted-media; gyroscope; picture-in-picture; web-share\" referrerpolicy=\"strict-origin-when-cross-origin\" allowfullscreen><\/iframe><\/p>\n<p>&nbsp;<\/p>\n","protected":false},"excerpt":{"rendered":"<p>Im historischen R\u00fcckblick betrachtet, war die\u00a0Welt-Urauff\u00fchrung der Operette &#8220;CLIVIA&#8221; von Nico DOSTAL der gro\u00dfe Druchbruch f\u00fcr diesen neuen Operetten-Komponist aus \u00d6sterreich! F\u00fcr Walter JANKUHN, war es das Glanzst\u00fcck seiner T\u00e4tigkeit als Direktor des Nollendorf-Theater, Berlin &#8211; und gleichzeitig ein \u00fcberragender &hellip; <a href=\"http:\/\/walter.jankuhn.2fix.de\/?page_id=160\">Continue reading <span class=\"meta-nav\">&rarr;<\/span><\/a><\/p>\n","protected":false},"author":1,"featured_media":0,"parent":137,"menu_order":2,"comment_status":"open","ping_status":"open","template":"","meta":{"footnotes":""},"class_list":["post-160","page","type-page","status-publish","hentry"],"_links":{"self":[{"href":"http:\/\/walter.jankuhn.2fix.de\/index.php?rest_route=\/wp\/v2\/pages\/160","targetHints":{"allow":["GET"]}}],"collection":[{"href":"http:\/\/walter.jankuhn.2fix.de\/index.php?rest_route=\/wp\/v2\/pages"}],"about":[{"href":"http:\/\/walter.jankuhn.2fix.de\/index.php?rest_route=\/wp\/v2\/types\/page"}],"author":[{"embeddable":true,"href":"http:\/\/walter.jankuhn.2fix.de\/index.php?rest_route=\/wp\/v2\/users\/1"}],"replies":[{"embeddable":true,"href":"http:\/\/walter.jankuhn.2fix.de\/index.php?rest_route=%2Fwp%2Fv2%2Fcomments&post=160"}],"version-history":[{"count":84,"href":"http:\/\/walter.jankuhn.2fix.de\/index.php?rest_route=\/wp\/v2\/pages\/160\/revisions"}],"predecessor-version":[{"id":3628,"href":"http:\/\/walter.jankuhn.2fix.de\/index.php?rest_route=\/wp\/v2\/pages\/160\/revisions\/3628"}],"up":[{"embeddable":true,"href":"http:\/\/walter.jankuhn.2fix.de\/index.php?rest_route=\/wp\/v2\/pages\/137"}],"wp:attachment":[{"href":"http:\/\/walter.jankuhn.2fix.de\/index.php?rest_route=%2Fwp%2Fv2%2Fmedia&parent=160"}],"curies":[{"name":"wp","href":"https:\/\/api.w.org\/{rel}","templated":true}]}}