{"id":1162,"date":"2012-07-19T17:28:54","date_gmt":"2012-07-19T17:28:54","guid":{"rendered":"http:\/\/walter.jankuhn.2fix.de\/?page_id=1162"},"modified":"2013-05-07T09:25:52","modified_gmt":"2013-05-07T09:25:52","slug":"wilh-gustloff-1939","status":"publish","type":"page","link":"http:\/\/walter.jankuhn.2fix.de\/?page_id=1162","title":{"rendered":"Wilh. Gustloff 1939"},"content":{"rendered":"<p style=\"text-align: center;\"><a href=\"http:\/\/walter.jankuhn.2fix.de\/wp-content\/uploads\/2012\/06\/wj-Gustloff_001.jpg\"><img loading=\"lazy\" decoding=\"async\" class=\"size-full wp-image-529 aligncenter\" title=\"wj-Gustloff_001\" src=\"http:\/\/walter.jankuhn.2fix.de\/wp-content\/uploads\/2012\/06\/wj-Gustloff_001.jpg\" alt=\"\" width=\"530\" height=\"324\" srcset=\"http:\/\/walter.jankuhn.2fix.de\/wp-content\/uploads\/2012\/06\/wj-Gustloff_001.jpg 654w, http:\/\/walter.jankuhn.2fix.de\/wp-content\/uploads\/2012\/06\/wj-Gustloff_001-300x183.jpg 300w\" sizes=\"auto, (max-width: 530px) 100vw, 530px\" \/><\/a><\/p>\n<p><a href=\"http:\/\/walter.jankuhn.2fix.de\/wp-content\/uploads\/2012\/06\/wj-Gustloff_002.jpg\"><img loading=\"lazy\" decoding=\"async\" class=\"alignleft size-thumbnail wp-image-530\" title=\"wj-Gustloff_002\" src=\"http:\/\/walter.jankuhn.2fix.de\/wp-content\/uploads\/2012\/06\/wj-Gustloff_002-150x150.jpg\" alt=\"\" width=\"150\" height=\"150\" \/><\/a>1939, dem Jahr der Eheschlie\u00dfung von Kammers\u00e4nger &#8220;Walter Jankuhn&#8221; mit der T\u00e4nzerin &#8220;Tutti Ahrens&#8221; \u00a0in Innsbruck, war auch das Jahr der Neu-Inbetriebnahme der <strong>&#8220;Wilhelm Gustloff&#8221; <\/strong>als <strong>KDF<\/strong>&#8211;<strong>Passagierschiff<\/strong>. Die Jungfernfahrt mit ausgew\u00e4hlten prominenten G\u00e4sten erfolgte von <strong>Hamburg<\/strong> aus und f\u00fchrte \u00fcber Lissabon nach Madeira bis nach Neapel. Tutti Ahrens (Jankuhn) war als Mitglied der Ballett-Gruppe f\u00fcr diese Reise engagiert worden. An Bord wurde ein gro\u00dfes Unterhaltungsprogramm geboten. Leider war es aber noch nicht die Hochzeitsreise des P\u00e4rchens &#8220;Tutti&#8221; und &#8220;Walter Jankuhn&#8221;, sondern nur ein Job der T\u00e4nzerin Tutti. Kammers\u00e4nger W. Jankuhn war zur gleichen Zeit in Innsbruck engagiert und hat dort die Hochzeitsvorbereitungen getroffen. Er hat an der Schiffsreise leider nicht teilgenommen und konnte seine &#8220;Braut&#8221; erst wieder in\u00a0<strong>Neapel <\/strong>in Besitz nehmen (<strong>Foto<\/strong>: Abschied im Hafen von Hamburg.)!<\/p>\n<div id=\"attachment_495\" style=\"width: 379px\" class=\"wp-caption aligncenter\"><a href=\"http:\/\/walter.jankuhn.2fix.de\/wp-content\/uploads\/2012\/06\/wj-Hamburg_Reeperbahn.jpg\"><img loading=\"lazy\" decoding=\"async\" aria-describedby=\"caption-attachment-495\" class=\"size-full wp-image-495    \" title=\"wj-Hamburg_Reeperbahn\" src=\"http:\/\/walter.jankuhn.2fix.de\/wp-content\/uploads\/2012\/06\/wj-Hamburg_Reeperbahn.jpg\" alt=\"\" width=\"369\" height=\"233\" srcset=\"http:\/\/walter.jankuhn.2fix.de\/wp-content\/uploads\/2012\/06\/wj-Hamburg_Reeperbahn.jpg 633w, http:\/\/walter.jankuhn.2fix.de\/wp-content\/uploads\/2012\/06\/wj-Hamburg_Reeperbahn-300x189.jpg 300w\" sizes=\"auto, (max-width: 369px) 100vw, 369px\" \/><\/a><p id=\"caption-attachment-495\" class=\"wp-caption-text\">ganz links : Walter Jankuhn + Karin Ahrens \/Kollegen &#8211; Hbg.-Hafen<\/p><\/div>\n<p>Nat\u00fcrlich konnte zu diesem Zeitpunkt niemand ahnen, welche schreckliche Ber\u00fchmtheit das Passagierschiff <strong>Wilh. Gustloff<\/strong> wenige Jahre sp\u00e4ter durch die spektakul\u00e4re <strong>Versenkung<\/strong> des Dampfers in den Kriegsjahren nehmen w\u00fcrde. <strong>\u00dcber 9.000 Menschen<\/strong> mussten bei dieser Katastrophe <strong>ihr Leben lassen<\/strong>! Bisher das gr\u00f6\u00dfte Schiffsungl\u00fcck der Geschichte &#8211; noch dramatischer als der Untergang der <em>Titanic<\/em>. Die TV-Dokumentation mit den wenigen \u00dcberlebenden des Ungl\u00fccks ist ersch\u00fctternd. Das Schiff wurde im Krieg f\u00fcr die Aufnahme von deutschen Emigranten aus dem Osten umger\u00fcstet. Zuvor war das Luxus-Passagierschiff f\u00fcr etwa 3000 Passagiere ausgelegt und es war nat\u00fcrlich nicht absehbar, welches Schicksal dem Schiff noch bevorstand. Die Bilder zeigen die Jungfernfahrt der &#8220;W. Gustloff&#8221; von seiner ersten Vergn\u00fcgungsreise als <strong>KDF-Schiff<\/strong> &#8211; Das Schicksal der f\u00fcr die Schiffspassage engagierten T\u00e4nzerin &#8220;Tutti Ahrens&#8221; (bzw. Frau Jankuhn) war also nicht betroffen. \u00dcber das Schicksal der abgebildeten Schiffsoffiziere ist aber leider nichts bekannt.<\/p>\n<p><a href=\"http:\/\/walter.jankuhn.2fix.de\/wp-content\/uploads\/2012\/06\/wj-Gustloff_018.jpg\"><img loading=\"lazy\" decoding=\"async\" class=\"alignleft size-full wp-image-491\" title=\"wj-Gustloff_018\" src=\"http:\/\/walter.jankuhn.2fix.de\/wp-content\/uploads\/2012\/06\/wj-Gustloff_018.jpg\" alt=\"\" width=\"306\" height=\"216\" srcset=\"http:\/\/walter.jankuhn.2fix.de\/wp-content\/uploads\/2012\/06\/wj-Gustloff_018.jpg 567w, http:\/\/walter.jankuhn.2fix.de\/wp-content\/uploads\/2012\/06\/wj-Gustloff_018-300x211.jpg 300w\" sizes=\"auto, (max-width: 306px) 100vw, 306px\" \/><\/a><a href=\"http:\/\/walter.jankuhn.2fix.de\/wp-content\/uploads\/2012\/06\/wj-Gustloff_017.jpg\"><img loading=\"lazy\" decoding=\"async\" class=\"size-full wp-image-490 alignright\" title=\"wj-Gustloff_017\" src=\"http:\/\/walter.jankuhn.2fix.de\/wp-content\/uploads\/2012\/06\/wj-Gustloff_017.jpg\" alt=\"\" width=\"159\" height=\"224\" srcset=\"http:\/\/walter.jankuhn.2fix.de\/wp-content\/uploads\/2012\/06\/wj-Gustloff_017.jpg 284w, http:\/\/walter.jankuhn.2fix.de\/wp-content\/uploads\/2012\/06\/wj-Gustloff_017-213x300.jpg 213w\" sizes=\"auto, (max-width: 159px) 100vw, 159px\" \/><\/a><\/p>\n<p>&nbsp;<\/p>\n<p>&nbsp;<\/p>\n<p>&nbsp;<\/p>\n<p>&nbsp;<\/p>\n<p>&nbsp;<\/p>\n<p><span style=\"text-align: center;\">.Die Bilder zeigen Ausschnitte der <\/span><strong style=\"text-align: center;\">Wilh. Gustloff-<\/strong><span style=\"text-align: center;\">Jungfernreise mit den Revue Girls aus dem &#8220;Sabine Ress + CARISE Ballett.<\/span><\/p>\n<p><span style=\"text-align: center;\"><strong>Foto<\/strong> <em><strong>unten links<\/strong>:<\/em> mit einem Offizier oder Kapi\u00e4in des Schiffs. <strong>Foto\u00a0\/<em>rechts<\/em><\/strong> :&#8221;Tutti Ahrens&#8221; mit Ausblick auf LISSABON einer Zwischenstation auf der Jungfernreise am 18.6.1939.<\/span><\/p>\n<p><a href=\"http:\/\/walter.jankuhn.2fix.de\/wp-content\/uploads\/2012\/06\/wj-Gustloff_005.jpg\"><img loading=\"lazy\" decoding=\"async\" class=\"size-full wp-image-533 alignright\" title=\"wj-Gustloff_005\" src=\"http:\/\/walter.jankuhn.2fix.de\/wp-content\/uploads\/2012\/06\/wj-Gustloff_005.jpg\" alt=\"\" width=\"331\" height=\"204\" srcset=\"http:\/\/walter.jankuhn.2fix.de\/wp-content\/uploads\/2012\/06\/wj-Gustloff_005.jpg 649w, http:\/\/walter.jankuhn.2fix.de\/wp-content\/uploads\/2012\/06\/wj-Gustloff_005-300x184.jpg 300w\" sizes=\"auto, (max-width: 331px) 100vw, 331px\" \/><\/a><a href=\"http:\/\/walter.jankuhn.2fix.de\/wp-content\/uploads\/2012\/11\/gust-ballett.jpg\"><img loading=\"lazy\" decoding=\"async\" class=\"alignnone size-thumbnail wp-image-1922\" title=\"gust-ballett\" src=\"http:\/\/walter.jankuhn.2fix.de\/wp-content\/uploads\/2012\/11\/gust-ballett-150x150.jpg\" alt=\"\" width=\"150\" height=\"150\" srcset=\"http:\/\/walter.jankuhn.2fix.de\/wp-content\/uploads\/2012\/11\/gust-ballett-150x150.jpg 150w, http:\/\/walter.jankuhn.2fix.de\/wp-content\/uploads\/2012\/11\/gust-ballett.jpg 397w\" sizes=\"auto, (max-width: 150px) 100vw, 150px\" \/><\/a><a href=\"http:\/\/walter.jankuhn.2fix.de\/wp-content\/uploads\/2012\/11\/gustl-kaptain.jpg\"><img loading=\"lazy\" decoding=\"async\" class=\"alignnone size-thumbnail wp-image-1923\" title=\"gustl-kaptain\" src=\"http:\/\/walter.jankuhn.2fix.de\/wp-content\/uploads\/2012\/11\/gustl-kaptain-150x150.jpg\" alt=\"\" width=\"150\" height=\"150\" \/><\/a><\/p>\n<p>&nbsp;<\/p>\n<p>Von<strong> Lissabon<\/strong> aus ging die Schiffsreise weiter nach\u00a0<strong>Madeira.<\/strong> Vom Sonnendeck aus gab es eine optische Ber\u00fchrung (keine feindliche!) mit einem englischen Segelschulschiff (siehe Abb.) \u00a0&#8211; den Namen des Dreimasters konnten wir allerdings nicht feststellen?!<a href=\"http:\/\/walter.jankuhn.2fix.de\/wp-content\/uploads\/2012\/11\/schulschiff.jpg\"><img loading=\"lazy\" decoding=\"async\" class=\"alignright size-medium wp-image-1947\" title=\"schulschiff\" src=\"http:\/\/walter.jankuhn.2fix.de\/wp-content\/uploads\/2012\/11\/schulschiff-300x221.jpg\" alt=\"\" width=\"300\" height=\"221\" srcset=\"http:\/\/walter.jankuhn.2fix.de\/wp-content\/uploads\/2012\/11\/schulschiff-300x221.jpg 300w, http:\/\/walter.jankuhn.2fix.de\/wp-content\/uploads\/2012\/11\/schulschiff.jpg 320w\" sizes=\"auto, (max-width: 300px) 100vw, 300px\" \/><\/a><\/p>\n<p><a href=\"http:\/\/walter.jankuhn.2fix.de\/wp-content\/uploads\/2012\/06\/wj-Gustloff_007.jpg\"><img loading=\"lazy\" decoding=\"async\" class=\"alignleft size-full wp-image-535\" title=\"wj-Gustloff_007\" src=\"http:\/\/walter.jankuhn.2fix.de\/wp-content\/uploads\/2012\/06\/wj-Gustloff_007.jpg\" alt=\"\" width=\"274\" height=\"186\" srcset=\"http:\/\/walter.jankuhn.2fix.de\/wp-content\/uploads\/2012\/06\/wj-Gustloff_007.jpg 586w, http:\/\/walter.jankuhn.2fix.de\/wp-content\/uploads\/2012\/06\/wj-Gustloff_007-300x204.jpg 300w\" sizes=\"auto, (max-width: 274px) 100vw, 274px\" \/><\/a><\/p>\n<p>&nbsp;<\/p>\n<p>&nbsp;<\/p>\n<p>&nbsp;<\/p>\n<p>&nbsp;<\/p>\n<p>-Die letzte Station der Reise war <strong>Napoli<\/strong>, wo Kammers\u00e4nger Walter Jankuhn endlich seine T\u00e4nzerin &#8220;Tutti&#8221; wieder in Empfang nehmen konnt, um sie in seine Hochzeits-Hochburg \u00a0\u00fcber die Alpen nach Innsbruck mitzunehmen, dem neuen gemeinsamen Wohnsitz &#8211; f\u00fcr die n\u00e4chsten 2 Jahre (= W. Jankuhn wurde fest vom Landestheater Innsbruck engagiert). Vor der Ausschiffung in Napoli gab es aber noch einen Insel-Ausflug auf\u00a0<strong>Sizilien<\/strong>. Am Bahnhof \u00a0wurden jedenfalls die Schiffsoffiziere der\u00a0<strong>Wilhelm Gustloff<\/strong> von den Revue Girls aus Berlin mit viel Wehmut verabschiedet&#8230;<\/p>\n<p>.<a href=\"http:\/\/walter.jankuhn.2fix.de\/wp-content\/uploads\/2012\/11\/pellegrino-gutl.jpg\"><img loading=\"lazy\" decoding=\"async\" class=\"alignnone size-thumbnail wp-image-1943\" title=\"pellegrino-gutl\" src=\"http:\/\/walter.jankuhn.2fix.de\/wp-content\/uploads\/2012\/11\/pellegrino-gutl-150x150.jpg\" alt=\"\" width=\"150\" height=\"150\" \/><\/a><a href=\"http:\/\/walter.jankuhn.2fix.de\/wp-content\/uploads\/2012\/06\/wj-Gustloff_015.jpg\"><img loading=\"lazy\" decoding=\"async\" class=\"alignnone size-thumbnail wp-image-488\" title=\"wj-Gustloff_015\" src=\"http:\/\/walter.jankuhn.2fix.de\/wp-content\/uploads\/2012\/06\/wj-Gustloff_015-150x150.jpg\" alt=\"\" width=\"150\" height=\"150\" \/><\/a><a href=\"http:\/\/walter.jankuhn.2fix.de\/wp-content\/uploads\/2012\/11\/napoli-gust.jpg\"><img loading=\"lazy\" decoding=\"async\" class=\"alignnone size-thumbnail wp-image-1939\" title=\"napoli-gust\" src=\"http:\/\/walter.jankuhn.2fix.de\/wp-content\/uploads\/2012\/11\/napoli-gust-150x150.jpg\" alt=\"\" width=\"150\" height=\"150\" \/><\/a><\/p>\n<p><a href=\"http:\/\/walter.jankuhn.2fix.de\/wp-content\/uploads\/2012\/11\/wj-tutti-holli.jpg\"><img loading=\"lazy\" decoding=\"async\" class=\"size-medium wp-image-1968 alignright\" title=\"wj-tutti-holli\" src=\"http:\/\/walter.jankuhn.2fix.de\/wp-content\/uploads\/2012\/11\/wj-tutti-holli-189x300.jpg\" alt=\"\" width=\"151\" height=\"240\" srcset=\"http:\/\/walter.jankuhn.2fix.de\/wp-content\/uploads\/2012\/11\/wj-tutti-holli-189x300.jpg 189w, http:\/\/walter.jankuhn.2fix.de\/wp-content\/uploads\/2012\/11\/wj-tutti-holli.jpg 202w\" sizes=\"auto, (max-width: 151px) 100vw, 151px\" \/><\/a><\/p>\n<p>&nbsp;<\/p>\n<p><a href=\"http:\/\/walter.jankuhn.2fix.de\/wp-content\/uploads\/2012\/06\/wj-Gustloff_003.jpg\"><img loading=\"lazy\" decoding=\"async\" class=\"size-full wp-image-531 alignleft\" title=\"wj-Gustloff_003\" src=\"http:\/\/walter.jankuhn.2fix.de\/wp-content\/uploads\/2012\/06\/wj-Gustloff_003.jpg\" alt=\"\" width=\"331\" height=\"205\" srcset=\"http:\/\/walter.jankuhn.2fix.de\/wp-content\/uploads\/2012\/06\/wj-Gustloff_003.jpg 646w, http:\/\/walter.jankuhn.2fix.de\/wp-content\/uploads\/2012\/06\/wj-Gustloff_003-300x185.jpg 300w\" sizes=\"auto, (max-width: 331px) 100vw, 331px\" \/><\/a><a href=\"http:\/\/walter.jankuhn.2fix.de\/wp-content\/uploads\/2012\/06\/wj-Auto_006.jpg\"><img loading=\"lazy\" decoding=\"async\" class=\"size-full wp-image-564 alignnone\" title=\"wj-Auto_006\" src=\"http:\/\/walter.jankuhn.2fix.de\/wp-content\/uploads\/2012\/06\/wj-Auto_006.jpg\" alt=\"\" width=\"188\" height=\"256\" srcset=\"http:\/\/walter.jankuhn.2fix.de\/wp-content\/uploads\/2012\/06\/wj-Auto_006.jpg 294w, http:\/\/walter.jankuhn.2fix.de\/wp-content\/uploads\/2012\/06\/wj-Auto_006-220x300.jpg 220w\" sizes=\"auto, (max-width: 188px) 100vw, 188px\" \/><\/a><\/p>\n<p>Das Youtube-Video zeigt, welches Schicksal die Wilh. Gustloff, deren Schiffsmannschaft und Passagiere \u00a0im 2. Weltkrieg ereilte:<\/p>\n<p><iframe loading=\"lazy\" title=\"Wilhelm Gustloff vom Flaggschiff zum Eisernen Sarg, Wilhelm Gustloff from flagship to casket\" width=\"640\" height=\"480\" src=\"https:\/\/www.youtube.com\/embed\/UOLLeZWe81Y?feature=oembed\" frameborder=\"0\" allow=\"accelerometer; autoplay; clipboard-write; encrypted-media; gyroscope; picture-in-picture; web-share\" referrerpolicy=\"strict-origin-when-cross-origin\" allowfullscreen><\/iframe><\/p>\n<p>&nbsp;<\/p>\n","protected":false},"excerpt":{"rendered":"<p>1939, dem Jahr der Eheschlie\u00dfung von Kammers\u00e4nger &#8220;Walter Jankuhn&#8221; mit der T\u00e4nzerin &#8220;Tutti Ahrens&#8221; \u00a0in Innsbruck, war auch das Jahr der Neu-Inbetriebnahme der &#8220;Wilhelm Gustloff&#8221; als KDF&#8211;Passagierschiff. Die Jungfernfahrt mit ausgew\u00e4hlten prominenten G\u00e4sten erfolgte von Hamburg aus und f\u00fchrte \u00fcber &hellip; <a href=\"http:\/\/walter.jankuhn.2fix.de\/?page_id=1162\">Continue reading <span class=\"meta-nav\">&rarr;<\/span><\/a><\/p>\n","protected":false},"author":1,"featured_media":0,"parent":129,"menu_order":4,"comment_status":"open","ping_status":"open","template":"","meta":{"footnotes":""},"class_list":["post-1162","page","type-page","status-publish","hentry"],"_links":{"self":[{"href":"http:\/\/walter.jankuhn.2fix.de\/index.php?rest_route=\/wp\/v2\/pages\/1162","targetHints":{"allow":["GET"]}}],"collection":[{"href":"http:\/\/walter.jankuhn.2fix.de\/index.php?rest_route=\/wp\/v2\/pages"}],"about":[{"href":"http:\/\/walter.jankuhn.2fix.de\/index.php?rest_route=\/wp\/v2\/types\/page"}],"author":[{"embeddable":true,"href":"http:\/\/walter.jankuhn.2fix.de\/index.php?rest_route=\/wp\/v2\/users\/1"}],"replies":[{"embeddable":true,"href":"http:\/\/walter.jankuhn.2fix.de\/index.php?rest_route=%2Fwp%2Fv2%2Fcomments&post=1162"}],"version-history":[{"count":41,"href":"http:\/\/walter.jankuhn.2fix.de\/index.php?rest_route=\/wp\/v2\/pages\/1162\/revisions"}],"predecessor-version":[{"id":3681,"href":"http:\/\/walter.jankuhn.2fix.de\/index.php?rest_route=\/wp\/v2\/pages\/1162\/revisions\/3681"}],"up":[{"embeddable":true,"href":"http:\/\/walter.jankuhn.2fix.de\/index.php?rest_route=\/wp\/v2\/pages\/129"}],"wp:attachment":[{"href":"http:\/\/walter.jankuhn.2fix.de\/index.php?rest_route=%2Fwp%2Fv2%2Fmedia&parent=1162"}],"curies":[{"name":"wp","href":"https:\/\/api.w.org\/{rel}","templated":true}]}}